-- https://www.phpmyadmin.net/
--
-- Tempo de geração: 26/04/2024 às 13:13
-- Versão do servidor: 10.6.17-MariaDB-log
-- Versão do PHP: 8.1.27

START TRANSACTION;



--
-- Banco de dados: `brandxmenu1_6ammart`
--

-- --------------------------------------------------------

--
-- Estrutura para tabela `ateste`
--

CREATE TABLE `ateste` (
  `id` int(11) NOT NULL,
  `topic` varchar(600) NOT NULL
) ENGINE=InnoDB DEFAULT CHARSET=utf8mb3 COLLATE=utf8mb3_unicode_ci;

--
-- Despejando dados para a tabela `ateste`
--

INSERT INTO `ateste` (`id`, `topic`) VALUES
(322, '{\"185\":[{\"id\":\"185\",\"quantity\":\"1\",\"hash\":\"913e4639d6f33aca2cb9b4680979bde2\",\"attributes\":{\"preco\":\"1.00\",\"nome\":\"Mercadopago Burger\",\"observacao\":\"Nu00e3o\"}}]}'),
(330, '[]'),
(331, '{\"999\":[{\"id\":999,\"quantity\":1,\"hash\":\"51503de86b42340a9641140866534807\",\"attributes\":{\"preco\":\"1\",\"nome\":\"Pagamento Online\",\"observacao\":\"Nenhuma\"}}]}'),
(332, '1'),
(333, '[]'),
(334, '{\"999\":[{\"id\":999,\"quantity\":1,\"hash\":\"51503de86b42340a9641140866534807\",\"attributes\":{\"preco\":\"1\",\"nome\":\"Pagamento Online\",\"observacao\":\"Nenhuma\"}}]}'),
(335, '1'),
(336, '{\"999\":[{\"id\":999,\"quantity\":1,\"hash\":\"51503de86b42340a9641140866534807\",\"attributes\":{\"preco\":\"1\",\"nome\":\"Pagamento Online\",\"observacao\":\"Nenhuma\"}}]}'),
(337, '{\"999\":[{\"id\":999,\"quantity\":1,\"hash\":\"19cbe0ad9409f76e70bf2f02a4bbc3cb\",\"attributes\":{\"preco\":\"1,00\",\"nome\":\"Pagamento Online\",\"observacao\":\"Nenhuma\"}}]}'),
(338, '{\"999\":[{\"id\":999,\"quantity\":1,\"hash\":\"19cbe0ad9409f76e70bf2f02a4bbc3cb\",\"attributes\":{\"preco\":\"1,00\",\"nome\":\"Pagamento Online\",\"observacao\":\"Nenhuma\"}}]}'),
(339, '{\"999\":[{\"id\":999,\"quantity\":1,\"hash\":\"e72a21af7732f6b14c8a3cb0c0e722aa\",\"attributes\":{\"preco\":\"1.00\",\"nome\":\"Pagamento Online\",\"observacao\":\"Nenhuma\"}}]}'),
(340, '{\"999\":[{\"id\":999,\"quantity\":1,\"hash\":\"e72a21af7732f6b14c8a3cb0c0e722aa\",\"attributes\":{\"preco\":\"1.00\",\"nome\":\"Pagamento Online\",\"observacao\":\"Nenhuma\"}}]}'),
(341, '{\"999\":[{\"id\":999,\"quantity\":1,\"hash\":\"e72a21af7732f6b14c8a3cb0c0e722aa\",\"attributes\":{\"preco\":\"1.00\",\"nome\":\"Pagamento Online\",\"observacao\":\"Nenhuma\"}}]}');

-- --------------------------------------------------------

--
-- Estrutura para tabela `bairros_delivery`
--

CREATE TABLE `bairros_delivery` (
  `id` int(11) NOT NULL,
  `user_id` int(11) NOT NULL,
  `uf` varchar(2) NOT NULL,
  `cidade` varchar(150) NOT NULL,
  `bairro` varchar(150) NOT NULL,
  `taxa` decimal(10,2) NOT NULL
) ENGINE=InnoDB DEFAULT CHARSET=utf8mb3 COLLATE=utf8mb3_general_ci;

--
-- Despejando dados para a tabela `bairros_delivery`
--

INSERT INTO `bairros_delivery` (`id`, `user_id`, `uf`, `cidade`, `bairro`, `taxa`) VALUES
(44, 22, '', '', 'Centro ', 1.00),
(45, 24, '', '', 'Jardim São Pedro ', 5.00),
(46, 24, '', '', 'Vila Suissa ', 6.00),
(47, 24, '', '', 'Socorro ', 8.00),
(48, 24, '', '', 'Butujuru ', 10.00);

-- --------------------------------------------------------

--
-- Estrutura para tabela `banner_promocional`
--

CREATE TABLE `banner_promocional` (
  `id_banner` int(11) NOT NULL,
  `user_id` int(11) NOT NULL,
  `confirma_banner` int(11) NOT NULL,
  `img_banner` varchar(300) NOT NULL
) ENGINE=InnoDB DEFAULT CHARSET=utf8mb3 COLLATE=utf8mb3_general_ci;

--
-- Despejando dados para a tabela `banner_promocional`
--

INSERT INTO `banner_promocional` (`id_banner`, `user_id`, `confirma_banner`, `img_banner`) VALUES
(4, 22, 1, 'images/2021/03/thincrust-pizza-500x270.png'),
(5, 25, 1, 'images/2021/03/design-sem-nome-5.png'),
(8, 1, 1, 'images/2021/06/mcdonalds-lanche-ilustra1-pozk.jpg');

-- --------------------------------------------------------

--
-- Estrutura para tabela `cupom_desconto`
--

CREATE TABLE `cupom_desconto` (
  `id_cupom` int(11) NOT NULL,
  `user_id` int(11) NOT NULL,
  `ativacao` varchar(50) NOT NULL,
  `type_discount` tinyint(4) NOT NULL,
  `porcentagem` int(11) NOT NULL,
  `fixed_value` decimal(10,2) NOT NULL,
  `data_validade` date NOT NULL,
  `total_vezes` int(11) NOT NULL,
  `mostrar_site` int(1) NOT NULL
) ENGINE=InnoDB DEFAULT CHARSET=utf8mb3 COLLATE=utf8mb3_general_ci;

--
-- Despejando dados para a tabela `cupom_desconto`
--

INSERT INTO `cupom_desconto` (`id_cupom`, `user_id`, `ativacao`, `type_discount`, `porcentagem`, `fixed_value`, `data_validade`, `total_vezes`, `mostrar_site`) VALUES
(14, 1, 'DESCONTO50', 2, 0, 50.00, '2021-12-31', 996, 0),
(15, 1, 'CUPOMFIXO', 2, 0, 10.00, '2021-03-31', 58, 1),
(17, 1, 'PEDE85', 1, 85, 0.00, '2021-04-30', 0, 0);

-- --------------------------------------------------------

--
-- Estrutura para tabela `views`
--

CREATE TABLE `views` (
  `id_views` int(11) NOT NULL,
  `contar` int(11) NOT NULL,
  `user_id` int(11) NOT NULL
) ENGINE=InnoDB DEFAULT CHARSET=utf8mb3 COLLATE=utf8mb3_general_ci;

--
-- Despejando dados para a tabela `views`
--

INSERT INTO `views` (`id_views`, `contar`, `user_id`) VALUES
(21, 828, 1),
(30, 6, 31),
(32, 20, 34),
(33, 3, 35),
(34, 124, 36);

-- --------------------------------------------------------

--
-- Estrutura para tabela `ws_adicionais_cat`
--

CREATE TABLE `ws_adicionais_cat` (
  `id` int(11) NOT NULL,
  `id_itens` int(11) NOT NULL,
  `user_id` int(11) NOT NULL,
  `id_cat` int(11) NOT NULL,
  `name_adicionais_cat` varchar(30) NOT NULL,
  `amount` int(11) NOT NULL,
  `pay` int(11) NOT NULL,
  `img_cat` varchar(50) NOT NULL
) ENGINE=MyISAM DEFAULT CHARSET=latin1 COLLATE=latin1_swedish_ci;

--
-- Despejando dados para a tabela `ws_adicionais_cat`
--

INSERT INTO `ws_adicionais_cat` (`id`, `id_itens`, `user_id`, `id_cat`, `name_adicionais_cat`, `amount`, `pay`, `img_cat`) VALUES
(78, 150, 1, 113, 'Coberturas', 1, 0, 'catchup.png'),
(76, 148, 1, 113, 'Coberturas', 1, 0, 'catchup.png'),
(75, 150, 1, 113, 'Toppings', 3, 0, 'ice-cream.png'),
(74, 148, 1, 113, 'Toppings', 3, 0, 'ice-cream.png'),
(72, 150, 1, 113, 'Frutas', 3, 0, 'frutas.png'),
(73, 149, 1, 113, 'Toppings', 3, 0, 'ice-cream.png'),
(71, 149, 1, 113, 'Frutas', 3, 0, 'frutas.png'),
(69, 146, 1, 44, 'Adicionais Grátis', 3, 0, 'adicionar.jpg'),
(77, 149, 1, 113, 'Coberturas', 1, 0, 'catchup.png'),
(68, 145, 1, 44, 'Adicionais Grátis', 3, 0, 'adicionar.jpg'),
(65, 146, 1, 44, 'Adicionais Pagos', -1, 1, 'adicionar.jpg'),
(64, 145, 1, 44, 'Adicionais Pagos', -1, 1, 'adicionar.jpg'),
(63, 144, 1, 44, 'Adicionais Pagos', -1, 1, 'adicionar.jpg'),
(70, 148, 1, 113, 'Frutas', 3, 0, 'frutas.png'),
(62, 143, 1, 44, 'Adicionais Pagos', -1, 1, 'adicionar.jpg'),
(66, 143, 1, 44, 'Adicionais Grátis', 3, 0, 'adicionar.jpg'),
(67, 144, 1, 44, 'Adicionais Grátis', 3, 0, 'adicionar.jpg'),
(79, 154, 18, 115, 'Sabores', 2, 1, 'img-header.png'),
(80, 154, 18, 115, 'frutas', 1, 1, 'img-header.png'),
(81, 154, 18, 115, 'coberturas', 1, 1, ''),
(83, 155, 19, 116, 'Toppings', 5, 0, ''),
(84, 156, 19, 116, 'Toppings', 5, 0, ''),
(85, 158, 1, 118, 'Adicionais', -1, 1, 'adicionar.jpg'),
(86, 159, 1, 118, 'Adicionais', -1, 1, 'adicionar.jpg'),
(87, 158, 1, 118, 'Adicionais Grátis', 2, 0, 'adicionar.jpg'),
(88, 159, 1, 118, 'Adicionais Grátis', 2, 0, 'adicionar.jpg'),
(89, 161, 22, 120, 'Pimentão', -1, 0, 'hot-dog.png'),
(95, 175, 1, 127, 'Complemento', 3, 0, ''),
(94, 175, 1, 127, 'Tipo de Carne', 2, 0, ''),
(93, 170, 1, 114, 'Borda', 1, 1, ''),
(96, 175, 1, 127, 'Salada', 1, 0, ''),
(97, 143, 1, 44, 'Teste Adicionais', 1, 0, 'adicionar.jpg'),
(98, 144, 1, 44, 'Teste Adicionais', 1, 0, 'adicionar.jpg'),
(99, 145, 1, 44, 'Teste Adicionais', 1, 0, 'adicionar.jpg'),
(100, 146, 1, 44, 'Teste Adicionais', 1, 0, 'adicionar.jpg'),
(101, 148, 1, 113, 'Teste Adicionais', 1, 0, 'adicionar.jpg'),
(102, 149, 1, 113, 'Teste Adicionais', 1, 0, 'adicionar.jpg'),
(103, 150, 1, 113, 'Teste Adicionais', 1, 0, 'adicionar.jpg'),
(104, 151, 1, 114, 'Teste Adicionais', 1, 0, 'adicionar.jpg'),
(105, 152, 1, 114, 'Teste Adicionais', 1, 0, 'adicionar.jpg'),
(106, 153, 1, 114, 'Teste Adicionais', 1, 0, 'adicionar.jpg'),
(107, 170, 1, 114, 'Teste Adicionais', 1, 0, 'adicionar.jpg'),
(108, 171, 1, 114, 'Teste Adicionais', 1, 0, 'adicionar.jpg'),
(109, 172, 1, 114, 'Teste Adicionais', 1, 0, 'adicionar.jpg'),
(110, 173, 1, 114, 'Teste Adicionais', 1, 0, 'adicionar.jpg'),
(111, 174, 1, 114, 'Teste Adicionais', 1, 0, 'adicionar.jpg'),
(112, 158, 1, 118, 'Teste Adicionais', 1, 0, 'adicionar.jpg'),
(113, 159, 1, 118, 'Teste Adicionais', 1, 0, 'adicionar.jpg'),
(114, 162, 1, 121, 'Teste Adicionais', 1, 0, 'adicionar.jpg'),
(115, 169, 1, 127, 'Teste Adicionais', 1, 0, 'adicionar.jpg'),
(116, 175, 1, 127, 'Teste Adicionais', 1, 0, 'adicionar.jpg'),
(117, 179, 1, 129, 'Adicionais Grátis', 1, 0, 'adicionar.jpg'),
(118, 180, 1, 129, 'Adicionais Grátis', 1, 0, 'adicionar.jpg'),
(119, 179, 1, 129, 'Adicionais Pagos', -1, 1, 'adicionar.jpg'),
(120, 180, 1, 129, 'Adicionais Pagos', -1, 1, 'adicionar.jpg'),
(123, 184, 1, 132, 'Molhos', 1, 0, 'combohamburgue.png'),
(124, 184, 1, 132, 'Adicionais', -1, 1, 'petisco.png');

-- --------------------------------------------------------

--
-- Estrutura para tabela `ws_adicionais_itens`
--

CREATE TABLE `ws_adicionais_itens` (
  `id_adicionais` int(11) NOT NULL,
  `user_id` int(11) NOT NULL,
  `categorias_adicional` varchar(1000) NOT NULL,
  `nome_adicional` varchar(250) NOT NULL,
  `valor_adicional` decimal(10,2) NOT NULL,
  `medida_adicional` varchar(10) NOT NULL,
  `status_adicional` int(1) NOT NULL,
  `id_adicionais_cat` int(11) NOT NULL
) ENGINE=MyISAM DEFAULT CHARSET=utf8mb3 COLLATE=utf8mb3_general_ci;

--
-- Despejando dados para a tabela `ws_adicionais_itens`
--

INSERT INTO `ws_adicionais_itens` (`id_adicionais`, `user_id`, `categorias_adicional`, `nome_adicional`, `valor_adicional`, `medida_adicional`, `status_adicional`, `id_adicionais_cat`) VALUES
(204, 1, '44', 'Hamburger 150g', 5.00, 'UN', 1, 63),
(205, 1, '44', 'Hamburger 150g', 5.00, 'UN', 1, 62),
(201, 1, '44', 'Queijo Mussrela', 1.00, 'UN', 1, 62),
(202, 1, '44', 'Hamburger 150g', 5.00, 'UN', 1, 65),
(203, 1, '44', 'Hamburger 150g', 5.00, 'UN', 1, 64),
(209, 1, '44', 'Catupiry', 1.50, 'UN', 1, 62),
(208, 1, '44', 'Catupiry', 1.50, 'UN', 1, 63),
(207, 1, '44', 'Catupiry', 1.50, 'UN', 1, 64),
(206, 1, '44', 'Catupiry', 1.50, 'UN', 1, 65),
(200, 1, '44', 'Queijo Mussrela', 1.00, 'UN', 1, 63),
(199, 1, '44', 'Queijo Mussrela', 1.00, 'UN', 1, 64),
(198, 1, '44', 'Queijo Mussrela', 1.00, 'UN', 1, 65),
(197, 1, '44', 'Cheddar', 1.00, 'UN', 1, 62),
(193, 1, '44', 'Bacon', 2.50, 'UN', 1, 62),
(194, 1, '44', 'Cheddar', 1.00, 'UN', 1, 65),
(195, 1, '44', 'Cheddar', 1.00, 'UN', 1, 64),
(196, 1, '44', 'Cheddar', 1.00, 'UN', 1, 63),
(192, 1, '44', 'Bacon', 2.50, 'UN', 1, 63),
(191, 1, '44', 'Bacon', 2.50, 'UN', 1, 64),
(190, 1, '44', 'Bacon', 2.50, 'UN', 1, 65),
(215, 1, '118', 'Bacon', 2.00, 'UN', 1, 85),
(216, 1, '118', 'Bacon', 2.00, 'UN', 1, 86),
(217, 1, '118', 'Ovo', 1.00, 'UN', 1, 85),
(218, 1, '118', 'Ovo', 1.00, 'UN', 1, 86),
(219, 1, '44', 'teste', 1.00, 'UN', 1, 62),
(220, 1, '44', 'teste', 1.00, 'UN', 1, 63),
(221, 1, '44', 'teste', 1.00, 'UN', 1, 64),
(222, 1, '44', 'teste', 1.00, 'UN', 1, 65),
(223, 1, '44', 'TESTE 2', 1.00, 'UN', 1, 62),
(224, 1, '44', 'TESTE 2', 1.00, 'UN', 1, 63),
(225, 1, '44', 'TESTE 2', 1.00, 'UN', 1, 64),
(231, 1, '114', 'Catupiry1', 4.00, 'UN', 1, 93),
(232, 1, '114', 'Coxinha', 8.00, 'UN', 1, 93),
(230, 1, '114', 'Cheddar', 4.00, 'UN', 1, 93),
(233, 1, '132', 'Presunto', 1.00, 'UN', 1, 124),
(234, 1, '132', 'Calabresa', 2.00, 'UN', 1, 124),
(235, 1, '132', 'Mussarela', 1.00, 'UN', 1, 124);

-- --------------------------------------------------------

--
-- Estrutura para tabela `ws_adicionais_itens_gratis`
--

CREATE TABLE `ws_adicionais_itens_gratis` (
  `id_adicional_gratis` int(11) NOT NULL,
  `nome_adicional_gratis` varchar(250) NOT NULL,
  `categorias_adicional_gratis` varchar(500) NOT NULL,
  `user_id` int(11) NOT NULL,
  `status_adicional_gratis` int(11) NOT NULL,
  `id_adicionais_cat` int(11) NOT NULL
) ENGINE=InnoDB DEFAULT CHARSET=utf8mb3 COLLATE=utf8mb3_general_ci;

--
-- Despejando dados para a tabela `ws_adicionais_itens_gratis`
--

INSERT INTO `ws_adicionais_itens_gratis` (`id_adicional_gratis`, `nome_adicional_gratis`, `categorias_adicional_gratis`, `user_id`, `status_adicional_gratis`, `id_adicionais_cat`) VALUES
(40, 'Catchup', '44', 1, 1, 69),
(41, 'Catchup', '44', 1, 1, 68),
(42, 'Catchup', '44', 1, 1, 66),
(43, 'Catchup', '44', 1, 1, 67),
(44, 'Maionese', '44', 1, 1, 69),
(45, 'Maionese', '44', 1, 1, 68),
(46, 'Maionese', '44', 1, 1, 66),
(47, 'Maionese', '44', 1, 1, 67),
(48, 'Milho', '44', 1, 1, 69),
(49, 'Milho', '44', 1, 1, 68),
(50, 'Milho', '44', 1, 1, 67),
(51, 'Milho', '44', 1, 1, 66),
(52, 'Azeitona', '44', 1, 1, 69),
(53, 'Azeitona', '44', 1, 1, 68),
(54, 'Azeitona', '44', 1, 1, 66),
(55, 'Azeitona', '44', 1, 1, 67),
(56, 'Ovo de Codorna', '44', 1, 1, 69),
(57, 'Ovo de Codorna', '44', 1, 1, 68),
(58, 'Ovo de Codorna', '44', 1, 1, 66),
(59, 'Ovo de Codorna', '44', 1, 1, 67),
(60, 'Fruta Morango', '113', 1, 1, 71),
(61, 'Fruta Morango', '113', 1, 1, 70),
(62, 'Fruta Morango', '113', 1, 1, 72),
(63, 'Fruta Banana', '113', 1, 1, 70),
(64, 'Fruta Banana', '113', 1, 1, 71),
(65, 'Fruta Banana', '113', 1, 1, 72),
(66, 'Fruta Manga', '113', 1, 1, 70),
(67, 'Fruta Manga', '113', 1, 1, 71),
(68, 'Fruta Manga', '113', 1, 1, 72),
(69, 'Fruta Uva', '113', 1, 1, 70),
(70, 'Fruta Uva', '113', 1, 1, 71),
(71, 'Fruta Uva', '113', 1, 1, 72),
(72, 'Fruta Pêssego', '113', 1, 1, 70),
(73, 'Fruta Pêssego', '113', 1, 1, 71),
(74, 'Fruta Pêssego', '113', 1, 1, 72),
(75, 'Leite em Pó', '113', 1, 1, 73),
(76, 'Leite em Pó', '113', 1, 1, 74),
(77, 'Leite em Pó', '113', 1, 1, 75),
(78, 'Granola', '113', 1, 1, 73),
(79, 'Granola', '113', 1, 1, 74),
(80, 'Granola', '113', 1, 1, 75),
(81, 'Paçoca', '113', 1, 1, 74),
(82, 'Paçoca', '113', 1, 1, 75),
(83, 'Paçoca', '113', 1, 1, 73),
(84, 'Amendoim', '113', 1, 1, 73),
(85, 'Amendoim', '113', 1, 1, 74),
(86, 'Amendoim', '113', 1, 1, 75),
(87, 'Chocolate em Confeti', '113', 1, 1, 75),
(88, 'Chocolate em Confeti', '113', 1, 1, 74),
(89, 'Chocolate em Confeti', '113', 1, 1, 73),
(90, 'Granulado', '113', 1, 1, 73),
(91, 'Granulado', '113', 1, 1, 74),
(92, 'Granulado', '113', 1, 1, 75),
(93, 'Nutela', '113', 1, 1, 73),
(94, 'Nutela', '113', 1, 1, 74),
(95, 'Nutela', '113', 1, 1, 75),
(96, 'Chocoball', '113', 1, 1, 73),
(97, 'Chocoball', '113', 1, 1, 74),
(98, 'Chocoball', '113', 1, 1, 75),
(99, 'Leite Condensado', '113', 1, 1, 78),
(100, 'Leite Condensado', '113', 1, 1, 76),
(101, 'Leite Condensado', '113', 1, 1, 77),
(102, 'Morango', '113', 1, 1, 78),
(103, 'Morango', '113', 1, 1, 76),
(104, 'Morango', '113', 1, 1, 77),
(105, 'Chocolate', '113', 1, 1, 78),
(106, 'Chocolate', '113', 1, 1, 76),
(107, 'Chocolate', '113', 1, 1, 77),
(108, 'Kiwi', '113', 1, 1, 78),
(109, 'Kiwi', '113', 1, 1, 76),
(110, 'Kiwi', '113', 1, 1, 77),
(115, 'Maionese Caseira', '118', 1, 1, 87),
(116, 'Maionese Caseira', '118', 1, 1, 88),
(117, 'Catchup', '118', 1, 1, 87),
(118, 'Catchup', '118', 1, 1, 88),
(119, 'Azeitona', '118', 1, 1, 87),
(120, 'Azeitona', '118', 1, 1, 88),
(121, 'Carne Seca', '127', 1, 1, 94),
(122, 'Frango a Parmegiana', '127', 1, 1, 94),
(123, 'Granulado', '44', 1, 1, 69),
(124, 'Granulado', '44', 1, 1, 68),
(125, 'Granulado', '44', 1, 1, 66),
(126, 'Granulado', '44', 1, 1, 67),
(127, 'Granulado', '44', 1, 1, 97),
(128, 'Granulado', '44', 1, 1, 98),
(129, 'Granulado', '44', 1, 1, 99),
(130, 'Granulado', '44', 1, 1, 100),
(131, 'Granulado', '44', 1, 1, 69),
(132, 'Granulado', '44', 1, 1, 68),
(133, 'Granulado', '44', 1, 1, 66),
(134, 'Granulado', '44', 1, 1, 67),
(135, 'Granulado', '44', 1, 1, 97),
(136, 'Granulado', '44', 1, 1, 98),
(137, 'Granulado', '44', 1, 1, 99),
(138, 'Granulado', '44', 1, 1, 100),
(139, 'Granulado', '113', 1, 1, 78),
(140, 'Granulado', '113', 1, 1, 76),
(141, 'Granulado', '113', 1, 1, 75),
(142, 'Granulado', '113', 1, 1, 74),
(143, 'Granulado', '113', 1, 1, 72),
(144, 'Granulado', '113', 1, 1, 73),
(145, 'Granulado', '113', 1, 1, 71),
(146, 'Granulado', '113', 1, 1, 77),
(147, 'Granulado', '113', 1, 1, 70),
(148, 'Granulado', '113', 1, 1, 101),
(149, 'Granulado', '113', 1, 1, 102),
(150, 'Granulado', '113', 1, 1, 103),
(151, 'Granulado', '114', 1, 1, 104),
(152, 'Granulado', '114', 1, 1, 105),
(153, 'Granulado', '114', 1, 1, 106),
(154, 'Granulado', '114', 1, 1, 107),
(155, 'Granulado', '114', 1, 1, 108),
(156, 'Granulado', '114', 1, 1, 109),
(157, 'Granulado', '114', 1, 1, 110),
(158, 'Granulado', '114', 1, 1, 111),
(159, 'Granulado', '118', 1, 1, 87),
(160, 'Granulado', '118', 1, 1, 88),
(161, 'Granulado', '118', 1, 1, 112),
(162, 'Granulado', '118', 1, 1, 113),
(163, 'Granulado', '121', 1, 1, 114),
(164, 'Granulado', '127', 1, 1, 95),
(165, 'Granulado', '127', 1, 1, 94),
(166, 'Granulado', '127', 1, 1, 96),
(167, 'Granulado', '127', 1, 1, 115),
(168, 'Granulado', '127', 1, 1, 116),
(169, 'Teste 1', '129', 1, 1, 117),
(170, 'Teste 1', '129', 1, 1, 118),
(171, 'Teste 2', '129', 1, 1, 117),
(172, 'Teste 2', '129', 1, 1, 118),
(173, 'Barbecue', '132', 1, 1, 123),
(174, 'Verde', '132', 1, 1, 123),
(175, 'Maionese de Bacon', '132', 1, 1, 123);

-- --------------------------------------------------------

--
-- Estrutura para tabela `ws_cat`
--

CREATE TABLE `ws_cat` (
  `id` int(11) NOT NULL,
  `user_id` int(11) NOT NULL,
  `nome_cat` varchar(250) NOT NULL,
  `desc_cat` varchar(500) NOT NULL,
  `icon_cat` varchar(500) NOT NULL,
  `dias_semana` varchar(300) NOT NULL
) ENGINE=InnoDB DEFAULT CHARSET=utf8mb3 COLLATE=utf8mb3_general_ci;

--
-- Despejando dados para a tabela `ws_cat`
--

INSERT INTO `ws_cat` (`id`, `user_id`, `nome_cat`, `desc_cat`, `icon_cat`, `dias_semana`) VALUES
(44, 1, 'Hamburgueria', 'null', 'img/burger.png', 'Domingo,Segunda,Terça,Quarta,Quinta,Sexta,Sabado'),
(113, 1, 'Açaí', 'null', 'img/acai.png', 'Domingo,Segunda,Terça,Quarta,Quinta,Sexta,Sabado'),
(114, 1, 'Pizzaria', 'null', 'img/pizza.png', 'Domingo,Segunda,Terça,Quarta,Quinta,Sexta,Sabado'),
(118, 1, 'Dogão', 'null', 'img/hot-dog.png', 'Domingo,Segunda,Terça,Quarta,Quinta,Sexta,Sabado'),
(121, 1, 'Ferramentas', 'Todos os tipo de ferramentas para o seu carro', 'null', 'Domingo,Segunda,Terça,Quarta,Quinta,Sexta,Sabado'),
(127, 1, 'Marmitas', 'Arroz, Feijão, Farofa e Fritas', 'img/bandeja.png', 'Domingo,Segunda,Terça,Quarta,Quinta,Sexta,Sabado'),
(128, 29, 'Café da Manhã', 'TESTE', 'img/hot-dog.png', 'Domingo,Segunda,Terça,Quarta,Quinta,Sexta,Sabado'),
(129, 1, 'Bebidas', 'TESTE 2021', 'img/water.png', 'Domingo,Segunda,Terça,Quarta,Quinta,Sexta,Sabado'),
(130, 31, 'Pizza Grande', 'null', 'img/combopizza.png', 'Domingo,Segunda,Terça,Quarta,Quinta,Sexta,Sabado'),
(131, 31, 'Bebida', 'null', 'img/can.png', 'Domingo,Segunda,Terça,Quarta,Quinta,Sexta,Sabado'),
(132, 1, 'Bebidas Alcólicas', 'Nossos Burger artesanais, são preparados com o melhor blend de carnes, feito na churrasqueira, com um sabor típico, e acompanhado de produtos de ALTÍSSIMA qualidade. Peça seu hambúrguer artesanal hoje mesmo.', 'img/burger.png', 'Domingo,Segunda,Terça,Quarta,Quinta,Sexta,Sabado'),
(134, 34, 'Pão de Queijo  Recheados', 'null', 'null', 'Domingo,Segunda,Terça,Quarta,Quinta,Sexta,Sabado'),
(135, 34, 'Pão de Queijo  Tradicional', 'null', 'null', 'Domingo,Segunda,Terça,Quarta,Quinta,Sexta,Sabado'),
(136, 34, 'Salgados Assados', 'null', 'null', 'Domingo,Segunda,Terça,Quarta,Quinta,Sexta,Sabado'),
(137, 34, 'Salgados Congelados', 'null', 'null', 'Domingo,Segunda,Terça,Quarta,Quinta,Sexta,Sabado'),
(138, 35, 'Baldes', 'null', 'null', 'Domingo,Segunda,Terça,Quarta,Quinta,Sexta,Sabado'),
(139, 35, 'Fritas', 'null', 'null', 'Domingo,Segunda,Terça,Quarta,Quinta,Sexta,Sabado'),
(140, 35, 'Promo Fritz', 'null', 'null', 'Domingo,Segunda,Terça,Quarta,Quinta,Sexta,Sabado'),
(142, 36, 'Mini Paletas Base Leite', 'null', 'null', 'Domingo,Segunda,Terça,Quarta,Quinta,Sexta,Sabado'),
(143, 36, 'Paletas Premium', 'null', 'null', 'Domingo,Segunda,Terça,Quarta,Quinta,Sexta,Sabado'),
(144, 36, 'Lanches diversos', 'Lanche do Dia', 'null', 'Domingo,Quinta,Sexta'),
(145, 35, 'Hamburguers', 'null', 'null', 'Domingo,Segunda,Terça,Quarta,Quinta,Sexta,Sabado'),
(146, 35, 'Pratos Executivos', 'null', 'null', 'Domingo,Segunda,Terça,Quarta,Quinta,Sexta,Sabado'),
(147, 35, 'Escolha seu molho', 'null', 'null', 'Domingo,Segunda,Terça,Quarta,Quinta,Sexta,Sabado'),
(148, 35, 'Porções', 'null', 'null', 'Domingo,Segunda,Terça,Quarta,Quinta,Sexta,Sabado'),
(149, 35, 'Sobremesas', 'null', 'null', 'Domingo,Segunda,Terça,Quarta,Quinta,Sexta,Sabado'),
(150, 35, 'Bebidas', 'null', 'null', 'Domingo,Segunda,Terça,Quarta,Quinta,Sexta,Sabado');

-- --------------------------------------------------------

--
-- Estrutura para tabela `ws_datas_close`
--

CREATE TABLE `ws_datas_close` (
  `id` int(11) NOT NULL,
  `user_id` int(11) NOT NULL,
  `data` varchar(100) NOT NULL
) ENGINE=InnoDB DEFAULT CHARSET=utf8mb3 COLLATE=utf8mb3_general_ci;

--
-- Despejando dados para a tabela `ws_datas_close`
--

INSERT INTO `ws_datas_close` (`id`, `user_id`, `data`) VALUES
(18, 1, '14/01/2019'),
(20, 1, '12/01/2019'),
(22, 1, '03/05/2020'),
(24, 1, '16/05/2020');

-- --------------------------------------------------------

--
-- Estrutura para tabela `ws_formas_pagamento`
--

CREATE TABLE `ws_formas_pagamento` (
  `id_f_pagamento` int(11) NOT NULL,
  `user_id` int(11) NOT NULL,
  `f_pagamento` varchar(100) NOT NULL
) ENGINE=InnoDB DEFAULT CHARSET=utf8mb3 COLLATE=utf8mb3_general_ci;

--
-- Despejando dados para a tabela `ws_formas_pagamento`
--

INSERT INTO `ws_formas_pagamento` (`id_f_pagamento`, `user_id`, `f_pagamento`) VALUES
(16, 1, 'Dinheiro'),
(17, 1, 'PIX'),
(22, 31, 'Cartão de crédito'),
(23, 31, 'Dinheiro'),
(24, 31, 'Cartão de Débito'),
(25, 1, 'Cartão de Crédito (Na entrega)'),
(26, 1, 'Cartão de Débito (Na entrega)'),
(27, 1, 'Cartão de Credito (Online)'),
(28, 1, 'Cartão de Débito (Online)'),
(29, 1, 'PicPay'),
(30, 1, 'Link de Pagamento (Online)'),
(31, 34, 'Dinheiro'),
(32, 34, 'Cartão de Crédito'),
(33, 34, 'Cartão de Débito'),
(34, 35, 'Dinheiro'),
(35, 35, 'Pix'),
(36, 36, 'Dinheiro'),
(37, 36, 'Pix');

-- --------------------------------------------------------

--
-- Estrutura para tabela `ws_fuso_horario`
--

CREATE TABLE `ws_fuso_horario` (
  `id_fuso` int(11) NOT NULL,
  `user_id` int(11) NOT NULL,
  `fuso_horario` varchar(150) NOT NULL
) ENGINE=InnoDB DEFAULT CHARSET=utf8mb3 COLLATE=utf8mb3_unicode_ci;

--
-- Despejando dados para a tabela `ws_fuso_horario`
--

INSERT INTO `ws_fuso_horario` (`id_fuso`, `user_id`, `fuso_horario`) VALUES
(1, 1, 'America/Sao_Paulo'),
(2, 16, 'America/Sao_Paulo'),
(3, 22, 'America/Sao_Paulo'),
(4, 32, 'America/Fortaleza');

-- --------------------------------------------------------

--
-- Estrutura para tabela `ws_impressora`
--

CREATE TABLE `ws_impressora` (
  `id_impressora` int(11) NOT NULL,
  `user_id` int(11) NOT NULL,
  `nome_impressora` varchar(100) NOT NULL
) ENGINE=MyISAM DEFAULT CHARSET=utf8mb3 COLLATE=utf8mb3_unicode_ci;

--
-- Despejando dados para a tabela `ws_impressora`
--

INSERT INTO `ws_impressora` (`id_impressora`, `user_id`, `nome_impressora`) VALUES
(1, 1, 'COM6');

-- --------------------------------------------------------

--
-- Estrutura para tabela `ws_itens`
--

CREATE TABLE `ws_itens` (
  `id` int(11) NOT NULL,
  `user_id` int(11) NOT NULL,
  `id_cat` int(11) NOT NULL,
  `img_item` varchar(500) NOT NULL,
  `nome_item` varchar(250) NOT NULL,
  `descricao_item` varchar(500) NOT NULL,
  `preco_item` decimal(10,2) NOT NULL,
  `config_total_s` int(11) NOT NULL,
  `disponivel` int(11) NOT NULL,
  `dia_semana` varchar(500) NOT NULL,
  `number_adicional` int(11) NOT NULL,
  `number_adicional_pago` int(11) NOT NULL,
  `posicao` int(11) NOT NULL
) ENGINE=InnoDB DEFAULT CHARSET=utf8mb3 COLLATE=utf8mb3_general_ci;

--
-- Despejando dados para a tabela `ws_itens`
--

INSERT INTO `ws_itens` (`id`, `user_id`, `id_cat`, `img_item`, `nome_item`, `descricao_item`, `preco_item`, `config_total_s`, `disponivel`, `dia_semana`, `number_adicional`, `number_adicional_pago`, `posicao`) VALUES
(143, 1, 44, 'images/2021/03/mercadopago-1-e1566506704359-770x570.jpg', 'Mercadopago Burger', 'Teste para o módulo de pagamento online do Mercadopago. Após realizar o pagamento você será redirecionado para uma página do Whatsapp Web para finalizar o pedido.', 1.00, 0, 1, 'Domingo,Segunda,Terça,Quarta,Quinta,Sexta,Sabado', 0, 0, 6),
(144, 1, 44, 'images/2021/03/296.jpg', 'Texas Burger', 'Pão Branco, Burger 180g, Cheddar, Queijo Monterey, Jack Empanado, Alface, Cebola Roxa e Tomate', 10.00, 0, 0, 'Domingo,Segunda,Terça,Quarta,Quinta,Sexta,Sabado', 0, 0, 0),
(145, 1, 44, 'images/2021/03/242-1615752946.jpg', 'Seatle Burger', 'Pão Branco, Burger 180g, Cheddar, Queijo Monterey, Jack Empanado, Alface, Cebola Roxa e Tomate', 15.00, 0, 1, 'Domingo,Segunda,Terça,Quarta,Quinta,Sexta,Sabado', 0, 0, 2),
(146, 1, 44, 'images/2021/03/270-1615752989.jpg', 'Chicago Burger', 'Pão Branco, Burger 180g, Cheddar, Queijo Monterey, Jack Empanado, Alface, Cebola Roxa e Tomate', 20.00, 0, 0, 'Domingo,Segunda,Terça,Quarta,Quinta,Sexta,Sabado', 0, 0, 4),
(148, 1, 113, 'images/2021/03/252.jpg', 'Copo de Açaí', 'Açaí com leite, banana e morango', 0.00, 0, 1, 'Domingo,Segunda,Terça,Quarta,Quinta,Sexta,Sabado', 0, 0, 0),
(149, 1, 113, 'images/2021/03/221.jpg', 'Copo de Açaí Tropical', 'Açaí com leite, banana e morango', 0.00, 0, 1, 'Domingo,Segunda,Terça,Quarta,Quinta,Sexta,Sabado', 0, 0, 0),
(150, 1, 113, 'images/2021/03/255.jpg', 'Copo de Açaí Frozen', 'Açaí com leite, banana e morango', 0.00, 0, 1, 'Domingo,Segunda,Terça,Quarta,Quinta,Sexta,Sabado', 0, 0, 0),
(151, 1, 114, 'images/2021/03/pizza-meio-a-meio.png', 'Calabresa', 'Pizza Americana, com Frango e Catupiry', 25.00, 0, 1, 'null', 0, 0, 0),
(152, 1, 114, 'images/2021/03/797.jpg', 'Pepperoni com Cream Cheese', 'Pizza Pepperoni com Cream Cheese', 50.00, 0, 0, 'null', 0, 0, 1),
(153, 1, 114, 'images/2021/03/808.jpg', 'Carne Seca com CHeddar', 'Pizza Carne Seca com CHeddar', 38.00, 0, 0, 'null', 0, 0, 0),
(158, 1, 118, 'false', 'HOT-DOG TRADICIONAL', 'teste', 8.00, 0, 1, 'Domingo,Segunda,Terça,Quarta,Quinta,Sexta,Sabado', 0, 0, 0),
(159, 1, 118, 'false', 'HOT-DOG AMERICANO', 'teste232', 10.00, 0, 1, 'Domingo,Segunda,Terça,Quarta,Quinta,Sexta,Sabado', 0, 0, 0),
(162, 1, 121, 'images/2021/03/download.jpg', 'ALICATE', 'XXX XXX XXX XXX', 1.00, 0, 1, 'Domingo,Segunda,Terça,Quarta,Quinta,Sexta,Sabado', 0, 0, 0),
(169, 1, 127, 'images/2021/03/logotipo-1617202083.png', 'Frango a parmegiana', 'Arroz, Feijão, Farofa e Fritas', 16.00, 0, 1, 'Domingo,Terça,Quarta,Quinta,Sexta,Sabado', 0, 0, 0),
(170, 1, 114, 'images/2021/04/triple-mustard-bacon-cheese-burger800x800.jpg', 'PIZZA GRANDE', '.', 0.00, 0, 1, 'Domingo,Segunda,Terça,Quarta,Quinta,Sexta,Sabado', 0, 0, 0),
(171, 1, 114, 'false', 'Portuguesa', '.', 30.00, 0, 0, 'null', 0, 0, 0),
(172, 1, 114, 'false', 'Frango com Catupiry', '.', 35.00, 0, 0, 'null', 0, 0, 0),
(173, 1, 114, 'false', '4 Queijos', '.', 38.00, 0, 0, 'null', 0, 0, 0),
(174, 1, 114, 'false', 'Mussarela', 'Mussarela no capricho,', 20.00, 0, 1, 'null', 0, 0, 0),
(175, 1, 127, 'false', 'Marmita com 2 pedaços de carne', 'Monte sua marmita', 15.00, 0, 1, 'Domingo,Segunda,Terça,Quarta,Quinta,Sexta,Sabado', 0, 0, 0),
(176, 29, 128, 'false', 'TESTEEEEE', 'GFDGFDGFDGDG', 19.00, 0, 1, 'Domingo,Segunda,Terça,Quarta,Quinta,Sexta,Sabado', 0, 0, 0),
(177, 29, 128, 'false', 'TESTE 01', 'GGFDG', 29.22, 0, 1, 'Domingo,Segunda,Terça,Quarta,Quinta,Sexta,Sabado', 0, 0, 0),
(178, 29, 128, 'false', 'TESTE 02', 'GDFGDFGDF', 99.99, 0, 1, 'Domingo,Segunda,Terça,Quarta,Quinta,Sexta,Sabado', 0, 0, 0),
(179, 1, 129, 'false', 'PRODUTO TESTE', 'PRODUTO TESTE', 19.99, 0, 1, 'Domingo,Segunda,Terça,Quarta,Quinta,Sexta,Sabado', 3, 0, 0),
(180, 1, 129, 'false', 'PRODUTO TEST 1', 'PRODUTO TEST 1', 19.99, 0, 1, 'Domingo,Segunda,Terça,Quarta,Quinta,Sexta,Sabado', 0, 0, 0),
(181, 31, 130, 'images/2021/04/3333-1617404447.png', 'Pizza Calabreza', 'Pizza de Calabreza', 32.00, 0, 1, 'Domingo,Segunda,Terça,Quarta,Quinta,Sexta,Sabado', 1, 2, 0),
(182, 31, 130, 'false', 'Pizza Calabreza 2', 'Calabreza especial', 33.00, 0, 1, 'Domingo,Segunda,Terça,Quarta,Quinta,Sexta,Sabado', 0, 0, 0),
(183, 31, 131, 'images/2021/04/coca-600.jpg', 'COCA Cola 600', 'refrigerante coca cola', 4.00, 0, 1, 'Domingo,Segunda,Terça,Quarta,Quinta,Sexta,Sabado', 0, 0, 0),
(184, 1, 132, 'images/2021/04/images-42.jpeg', 'Burguer kids', 'Seu filho vai adorar nosso lanche kids', 12.00, 0, 1, 'Domingo,Segunda,Terça,Quarta,Quinta,Sexta,Sabado', 0, 0, 0),
(185, 1, 132, 'false', 'Mercadopago Burger', 'a', 1.00, 0, 1, 'Domingo,Segunda,Terça,Quarta,Quinta,Sexta,Sabado', 0, 0, 0),
(186, 34, 135, 'images/2024/04/20200628-214829-0000.png', 'Pão de Queijo Tradicional', 'Pact 600 grmas (20 unidades de 30 gr cada)\r\nPão de Queijo Congelado sem Recheio', 17.00, 0, 1, 'Domingo,Segunda,Terça,Quarta,Quinta,Sexta,Sabado', 0, 0, 0),
(187, 34, 134, 'images/2024/04/dsc-0385.jpg', 'Pão de Queijo Recheado  Frango', 'Pact 600 grmas (20 unidades de 30 gr cada)\r\nPão de Queijo Congelado Recheado de Frango', 19.00, 0, 1, 'Domingo,Segunda,Terça,Quarta,Quinta,Sexta,Sabado', 0, 0, 0),
(188, 34, 134, 'images/2024/04/20200626-115012-0000.png', 'Pão de Queijo Recheado Goiabada', 'PAct 600 gramas (20 unidades de 30 gr cada)\r\nPão de Queijo Congelado Recheado de Goiabada', 19.00, 0, 1, 'Domingo,Segunda,Terça,Quarta,Quinta,Sexta,Sabado', 0, 0, 0),
(189, 34, 135, 'images/2024/04/20200715-114340-0000.png', 'Pão de Queijo  Palito', 'PAct 600 gramas (20 unidades de 30 gr cada)\r\nPão de  Queijo Congelado Sem recheio', 17.00, 0, 1, 'Domingo,Segunda,Terça,Quarta,Quinta,Sexta,Sabado', 0, 0, 0),
(190, 34, 135, 'images/2024/04/20200715-115545-0000.png', 'Pão de Queijo Coquetel', 'Pact 600 gramas (30 unidades de 20 gr cada)\r\nPão de  Queijo Congelado Sem recheio', 17.00, 0, 1, 'Domingo,Segunda,Terça,Quarta,Quinta,Sexta,Sabado', 0, 0, 0),
(191, 34, 134, 'images/2024/04/20200715-114938-0000.png', 'Pão de Queijo Recheado  Bacon', 'Act 600 gramas (20 unidades de 30 gr cada)\r\nPão de  Queijo Congelado Recheado Bacon', 19.00, 0, 1, 'Domingo,Segunda,Terça,Quarta,Quinta,Sexta,Sabado', 0, 0, 0),
(192, 34, 134, 'images/2024/04/20200804-222620-0000.png', 'Pão de Queijo Recheado  Calabresa', 'Act 600 gramas (20 unidades de 30 gr cada)\r\nPão de  Queijo Congelado  Recheado Calabresa', 19.00, 0, 1, 'Domingo,Segunda,Terça,Quarta,Quinta,Sexta,Sabado', 0, 0, 0),
(193, 34, 134, 'images/2024/04/screenshot-2022-11-22-at-14-51-07-alice-gramacho-no-instagram-pao-de-queijo-recheado-de-pizza.png', 'Pão de Queijo Recheado  Pizza', 'PAct 600 gramas (20 unidades de 30 gr cada)\r\nPão de  Queijo Congelado Recheado Presunto e Mussarela e Oregano', 19.00, 0, 1, 'Domingo,Segunda,Terça,Quarta,Quinta,Sexta,Sabado', 0, 0, 0),
(194, 34, 134, 'images/2024/04/20200811-104224-0000.png', 'Pão de Queijo Recheado  Chocolate', 'Pact 600 gramas (20 unidades de 30 gr cada)\r\nPão de  Queijo Congelado Recheado Chocolate', 19.00, 0, 1, 'Domingo,Segunda,Terça,Quarta,Quinta,Sexta,Sabado', 0, 0, 0),
(195, 34, 135, 'images/2024/04/20200919-205735-0000.png', 'Pão de Queijo LanchãoTradicional', 'Pact 600 gramas (7 unidades de 90 gr cada)\r\nPão de  Queijo Congelado Sem recheio', 17.00, 0, 1, 'Domingo,Segunda,Terça,Quarta,Quinta,Sexta,Sabado', 0, 0, 0),
(196, 34, 136, 'images/2024/04/empada-1.jpg', 'Empada Lanchonete', 'Empada Recheado com Frango e Azeitona', 4.00, 0, 1, 'Domingo,Segunda,Terça,Quarta,Quinta,Sexta,Sabado', 0, 0, 0),
(197, 34, 136, 'images/2024/04/dff9ee0ba852193e873b966f79b373dc.jpg', 'Emmpada Pequena', 'Pact 20 unidades \r\nRecheio  Frango e Azeitona', 24.00, 0, 1, 'Domingo,Segunda,Terça,Quarta,Quinta,Sexta,Sabado', 0, 0, 0),
(198, 34, 137, 'images/2024/04/fra-7563.jpg', 'Coxinha', 'Pact 600 gramas \r\n(Média de 20 a 25 unidades)\r\nCoxinha Recheada com Frango', 14.00, 0, 1, 'Domingo,Segunda,Terça,Quarta,Quinta,Sexta,Sabado', 0, 0, 0),
(199, 34, 137, 'images/2024/04/fra-7520.jpg', 'Churros Recheado doce de Leite', 'Pact 600 gramas \r\n(Média de 20 a 25 unidades)\r\nChurros Recheado Com Doce de Leite', 14.00, 0, 1, 'Domingo,Segunda,Terça,Quarta,Quinta,Sexta,Sabado', 0, 0, 0),
(200, 34, 137, 'false', 'Quibe', 'Pact 600 gramas \r\n(Média de 20 a 25 unidades)\r\nQuibe Congelado', 15.00, 0, 1, 'Domingo,Segunda,Terça,Quarta,Quinta,Sexta,Sabado', 0, 0, 0),
(201, 34, 137, 'images/2024/04/fra-7546-2.jpg', 'Enroladinho de Salsicha', 'Pact 600 gramas \r\n(Média de 20 a 25 unidades)\r\nEnrolado Recheado com Salsicha', 14.00, 0, 1, 'Domingo,Segunda,Terça,Quarta,Quinta,Sexta,Sabado', 0, 0, 0),
(202, 34, 137, 'images/2024/04/fra-7550-2.jpg', 'Bolinha de Queijo', 'Pact 600 gramas \r\n(Média de 20 a 25 unidades)\r\nBolinha Recheado com Mussarela e Oregano', 14.00, 0, 1, 'Domingo,Segunda,Terça,Quarta,Quinta,Sexta,Sabado', 0, 0, 0),
(203, 35, 138, 'images/2024/04/5bb87d2fe2c1add6f327-0ac99faf-0ed9-4f6c-8fff-e88b368c2fdc.jpg', 'Mix Fritz', '2 tiras crocantes de frango fritz + fritas para mim', 23.90, 0, 1, 'Domingo,Segunda,Terça,Quarta,Quinta,Sexta,Sabado', 0, 0, 0),
(204, 35, 138, 'images/2024/04/5bb87d2fe2c1add6f327-0ac99faf-0ed9-4f6c-8fff-e88b368c2fdc-1713460128.jpg', 'Little Fritz', 'Acompanha 1 molho\r\n4 tiras ou 2 tiras crocantes de frango fritz + 2 pedaços (coxinha asa)', 29.90, 0, 1, 'Domingo,Segunda,Terça,Quarta,Quinta,Sexta,Sabado', 0, 0, 0),
(205, 35, 138, 'images/2024/04/5bb87d2fe2c1add6f327-0ac99faf-0ed9-4f6c-8fff-e88b368c2fdc-1713460181.jpg', 'Mr. Chiken', 'Acompanha 1 molho\r\n10 tiras ou 5 tiras crocantes de frango + 5 pedaços (coxinha da asa).', 49.90, 0, 1, 'Domingo,Segunda,Terça,Quarta,Quinta,Sexta,Sabado', 0, 0, 0),
(206, 35, 138, 'images/2024/04/4bb8a5222490ab6125e2-522860c3-ab9d-4c74-98bf-b81e9f5d31f7.jpg', 'Pipoquinhas Fritz', 'Acompanha 1 molho\r\n36 unidades de cubo de frango fritz crocante.', 49.90, 0, 1, 'Domingo,Segunda,Terça,Quarta,Quinta,Sexta,Sabado', 0, 0, 0),
(207, 35, 138, 'images/2024/04/5bb87d2fe2c1add6f327-0ac99faf-0ed9-4f6c-8fff-e88b368c2fdc-1713460291.jpg', 'Mega Mr. Chiken', 'Acompanha 1 molho\r\n14 tiras ou 7 tiras de frango crocante fritz + 7 pedaços (coxinha da asa)', 79.90, 0, 1, 'Domingo,Segunda,Terça,Quarta,Quinta,Sexta,Sabado', 0, 0, 0),
(208, 35, 139, 'images/2024/04/8dbbb5cdd94edddb1b68-da61013c-dfee-4a35-9aa8-a795d21d021d.jpg', 'Fritas pra mim', 'Porção individual de fritas', 8.90, 0, 1, 'Domingo,Segunda,Terça,Quarta,Quinta,Sexta,Sabado', 0, 0, 0),
(209, 35, 139, 'images/2024/04/8dbbb5cdd94edddb1b68-da61013c-dfee-4a35-9aa8-a795d21d021d-1713460410.jpg', 'Fritas pra nós', 'Porção para duas pessoas', 24.90, 0, 1, 'Domingo,Segunda,Terça,Quarta,Quinta,Sexta,Sabado', 0, 0, 0),
(210, 35, 139, 'images/2024/04/4fc021864c5b7dc7baac-82ce0919-4abe-4c76-964d-db2843aa8f2f.jpg', 'Fritas com cheddar e bacon', 'Com queijo mussarela e bacon', 35.90, 0, 1, 'Domingo,Segunda,Terça,Quarta,Quinta,Sexta,Sabado', 0, 0, 0),
(211, 36, 142, 'images/2024/04/7deb8d91216d3dd4d2c5-7afc0c6f-e353-4df4-8a6d-b274162bf531.jpg', 'Mini Paleta Açaí com banana', '70 gramas', 6.00, 0, 1, 'Domingo,Segunda,Terça,Quarta,Quinta,Sexta,Sabado', 0, 0, 0),
(212, 36, 142, 'images/2024/04/1743a67800512a55eb8e-db4f7edc-0b34-4d98-a057-5f6e5b8d8556.jpg', 'Mini Paleta de Maracuja', '70 gramas', 6.00, 0, 1, 'Domingo,Segunda,Terça,Quarta,Quinta,Sexta,Sabado', 0, 0, 0),
(213, 36, 142, 'images/2024/04/77da9f2e59fa6b1fe20c-f49ce4eb-bdc8-46d4-9210-7c50e03b9eb4.jpg', 'Mini Paleta Yogurt com Frutas Vermelhas', '70 gramas', 7.00, 0, 1, 'Domingo,Segunda,Terça,Quarta,Quinta,Sexta,Sabado', 0, 0, 0),
(214, 36, 142, 'images/2024/04/a6e110692de55e71dac3-ff9eed5c-c3b2-4633-9e05-6f249524a3f4.jpg', 'Mini Paleta Romeu e Julieta', '70 gramas', 7.00, 0, 1, 'Domingo,Segunda,Terça,Quarta,Quinta,Sexta,Sabado', 0, 0, 0),
(215, 36, 143, 'images/2024/04/1312bcf5053f157a4c1c-284029d7-3587-439b-b83b-0b7813dbeeb7.jpg', 'Wal', '90 gramas', 8.00, 0, 1, 'Domingo,Segunda,Terça,Quarta,Quinta,Sexta,Sabado', 0, 0, 0),
(216, 36, 143, 'images/2024/04/79f385f64f6db2d8036b-1d5c2300-09e5-4b5f-bc33-a3ad34fb8856.jpg', 'Paleta Nino', '120 gramas', 11.00, 0, 1, 'Domingo,Segunda,Terça,Quarta,Quinta,Sexta,Sabado', 0, 0, 0),
(217, 36, 143, 'images/2024/04/49fa26cd9863f5ab6055-b859bfff-6aab-463c-b9cf-32f9c8ea2483.jpg', 'Corazon', '120 gramas', 11.00, 0, 1, 'Domingo,Segunda,Terça,Quarta,Quinta,Sexta,Sabado', 0, 0, 0),
(218, 36, 144, 'images/2024/04/lanche-ibres.png', 'Lanche do Dia Cantina IBRES', 'Lanche do dia + Copo de Refri', 8.00, 0, 1, 'Domingo,Quinta', 0, 0, 0),
(219, 35, 139, 'images/2024/04/4fc021864c5b7dc7baac-82ce0919-4abe-4c76-964d-db2843aa8f2f-1.jpg', 'Fritas com Cheddar e Bacon', '.', 35.90, 0, 1, 'Domingo,Segunda,Terça,Quarta,Quinta,Sexta,Sabado', 0, 0, 0),
(220, 35, 140, 'images/2024/04/96844917150744ae3aef-408eeab5-c016-48e6-981c-bdbd31336ccf.jpg', 'Mr. Mix Grande', '.', 79.90, 0, 1, 'Domingo,Segunda,Terça,Quarta,Quinta,Sexta,Sabado', 0, 0, 0),
(221, 35, 140, 'images/2024/04/05231d2b270f0ecb26b8-05c4f685-57dd-4219-a708-a9e1bad537c3.jpg', 'Mr. Mix Médio', '.', 54.90, 0, 1, 'Domingo,Segunda,Terça,Quarta,Quinta,Sexta,Sabado', 0, 0, 0),
(222, 35, 145, 'images/2024/04/6ee8401e56fa419ed940-1349e51e-54b5-47d0-87ec-8a6b59dc8dfb.jpg', 'Cascata Cheddar', '.', 24.90, 0, 1, 'Domingo,Segunda,Terça,Quarta,Quinta,Sexta,Sabado', 0, 0, 0),
(223, 35, 145, 'images/2024/04/0cd3128a2280ec6b2cb4-284f55fb-6722-48e0-929e-a7fb315510bb.jpg', 'Fritz Burguer', '.', 29.90, 0, 1, 'Domingo,Segunda,Terça,Quarta,Quinta,Sexta,Sabado', 0, 0, 0),
(224, 35, 145, 'images/2024/04/94e9afa75333b71c374c-063be767-211b-4c1b-b3e8-8d0a0d96da01.jpg', 'Sandubinha', '.', 16.90, 0, 1, 'Domingo,Segunda,Terça,Quarta,Quinta,Sexta,Sabado', 0, 0, 0),
(225, 35, 146, 'images/2024/04/538bd23a989fc9ee3b21-93e233d0-856a-418d-b9f2-666385b2a44b.jpg', 'Linguiça Calabresa', '.', 24.90, 0, 1, 'Domingo,Segunda,Terça,Quarta,Quinta,Sexta,Sabado', 0, 0, 0),
(226, 35, 146, 'images/2024/04/f1834f2f873942515146-a2e656c1-20dd-4ca1-8c58-a6e8db40239e.jpg', 'Estrogofritz', '.', 25.90, 0, 1, 'Domingo,Segunda,Terça,Quarta,Quinta,Sexta,Sabado', 0, 0, 0),
(227, 35, 146, 'images/2024/04/aeca9766ae2cdae46b23-629f5c3b-2618-4101-9d6a-5bc64b0b57dd.jpg', 'Parmê Fritz', '.', 29.90, 0, 1, 'Domingo,Segunda,Terça,Quarta,Quinta,Sexta,Sabado', 0, 0, 0),
(228, 35, 146, 'images/2024/04/670f0e0d14e6e1faadc8-09d3d14d-6e7b-4c87-8065-b7937f0da3b9.jpg', 'Frango Fritz Grelhado', '.', 24.90, 0, 1, 'Domingo,Segunda,Terça,Quarta,Quinta,Sexta,Sabado', 0, 0, 0),
(229, 35, 146, 'images/2024/04/c0b4e6acf31f691e491f-fcc398e7-70f4-4a33-a50e-8a4012caf9a8.jpg', 'Fit com Frango Fritz grelhado', '.', 21.90, 0, 1, 'Domingo,Segunda,Terça,Quarta,Quinta,Sexta,Sabado', 0, 0, 0),
(230, 35, 146, 'images/2024/04/606265f3102801e04147-aff0e02a-8c8f-47fb-8b70-1be04eed8b9a.jpg', 'Coxa empanada', '.', 29.90, 0, 1, 'Domingo,Segunda,Terça,Quarta,Quinta,Sexta,Sabado', 0, 0, 0),
(231, 35, 146, 'images/2024/04/212d9b6a84d0e969d757-1f126aa6-fa02-4134-8102-0fe72981f49b.jpg', 'Bife grelhado bovino', '.', 29.90, 0, 1, 'Domingo,Segunda,Terça,Quarta,Quinta,Sexta,Sabado', 0, 0, 0),
(232, 35, 146, 'images/2024/04/4e18e134f67ba29504f6-5762c5ce-db9c-4331-9023-58340d715baa.jpg', 'Tirinhas Fritz', '.', 24.90, 0, 1, 'Domingo,Segunda,Terça,Quarta,Quinta,Sexta,Sabado', 0, 0, 0),
(233, 35, 146, 'images/2024/04/c38907adf7e4827c9a0d-70493069-6cd2-4d91-9e8d-2dab082a457e.jpg', 'Coxinhas da asa', '.', 24.90, 0, 1, 'Domingo,Segunda,Terça,Quarta,Quinta,Sexta,Sabado', 0, 0, 0),
(234, 35, 146, 'images/2024/04/d852d6a2ece7b9d93d49-7f4c5e63-053b-4cfb-8630-4e8346b87670.jpg', 'Bife de frango fritz a cavalo', '.', 25.90, 0, 1, 'Domingo,Segunda,Terça,Quarta,Quinta,Sexta,Sabado', 0, 0, 0),
(235, 35, 146, 'images/2024/04/5c62974f33bb89f9ccfc-1b4a925d-67bb-4223-8571-f1305bc4ce15.jpg', 'Parmê bovina', '.', 35.90, 0, 1, 'Domingo,Segunda,Terça,Quarta,Quinta,Sexta,Sabado', 0, 0, 0),
(236, 35, 146, 'images/2024/04/057a552ba19e4bf5b35c-6cfcee38-1a23-48ff-964a-3aa8cdc13dfe.jpg', 'Omelete com salada', '.', 21.90, 0, 1, 'Domingo,Segunda,Terça,Quarta,Quinta,Sexta,Sabado', 0, 0, 0),
(237, 35, 146, 'images/2024/04/e6863ef04ef586402158-44cad027-2d17-42f5-8c2b-60dd1476becc.jpg', 'Omelete', '.', 24.90, 0, 1, 'Domingo,Segunda,Terça,Quarta,Quinta,Sexta,Sabado', 0, 0, 0),
(238, 35, 147, 'images/2024/04/2f7edbecc1bfbca1beb9-34b3d88c-4ace-4bdc-8b07-61161e0a8b99.jpg', 'Difritz', '.', 4.90, 0, 1, 'Domingo,Segunda,Terça,Quarta,Quinta,Sexta,Sabado', 0, 0, 0),
(239, 35, 147, 'images/2024/04/97dc5488ed9e7a73e8f6-9a600be1-0057-41b9-846f-6134ba6b4459.jpg', 'Mr. Barbecue', '.', 4.90, 0, 1, 'Domingo,Segunda,Terça,Quarta,Quinta,Sexta,Sabado', 0, 0, 0),
(240, 35, 147, 'images/2024/04/af964246b0c8c804dcae-3afd3cc3-7664-43fc-beb0-73f4ec6973ce.jpg', 'Mr. Ranch', '.', 4.90, 0, 1, 'Domingo,Segunda,Terça,Quarta,Quinta,Sexta,Sabado', 0, 0, 0),
(241, 35, 147, 'images/2024/04/e978c23d6dd94d7e58af-7a0323ca-2243-470d-979a-dbfbf1917359.jpg', 'Mr. French', '.', 4.90, 0, 1, 'Domingo,Segunda,Terça,Quarta,Quinta,Sexta,Sabado', 0, 0, 0),
(242, 35, 147, 'images/2024/04/aff3283565a13b5cc639-3737c0a9-9d6b-4b2f-aa33-cfde17937f94.jpg', 'Mr. Chipodle', '.', 4.90, 0, 1, 'Domingo,Segunda,Terça,Quarta,Quinta,Sexta,Sabado', 0, 0, 0),
(243, 35, 147, 'images/2024/04/b68e06a56613ae423e38-548dfd2a-32aa-4a89-a94f-776a2802beed.jpg', 'Cheddaritz', '.', 4.90, 0, 1, 'Domingo,Segunda,Terça,Quarta,Quinta,Sexta,Sabado', 0, 0, 0),
(244, 35, 148, 'images/2024/04/db11128d5f3a0993b97e-1078fd95-7dd4-4c12-8293-3cf525c5378d.jpg', 'Fritzspetinho', '.', 8.90, 0, 1, 'Domingo,Segunda,Terça,Quarta,Quinta,Sexta,Sabado', 0, 0, 0),
(245, 35, 148, 'images/2024/04/d1e8ce37391fe0610953-e75ddd08-ee02-433c-b4ee-eebd4d44a3d7.jpg', 'Mr. Roleta', '.', 10.90, 0, 1, 'Domingo,Segunda,Terça,Quarta,Quinta,Sexta,Sabado', 0, 0, 0),
(246, 35, 148, 'images/2024/04/0e706908b6f3a64ebda3-c4fdce24-d46e-4382-adb4-d1c97d12f17b.jpg', 'Provolone empanado', '6 unidades', 19.90, 0, 1, 'Domingo,Segunda,Terça,Quarta,Quinta,Sexta,Sabado', 0, 0, 0),
(247, 35, 148, 'images/2024/04/caa17dd46682bada7357-3eee77ee-2355-4bb5-a3da-be92b739439d.jpg', 'Tábua Fritz', '.', 79.90, 0, 1, 'Domingo,Segunda,Terça,Quarta,Quinta,Sexta,Sabado', 0, 0, 0),
(248, 35, 148, 'images/2024/04/b91f7fa7c93460a07f3f-70cb6876-7833-49f0-9f6e-dce1754df4df.jpg', 'Fritas ou mandioca', '.', 19.90, 0, 1, 'Domingo,Segunda,Terça,Quarta,Quinta,Sexta,Sabado', 0, 0, 0),
(249, 35, 148, 'images/2024/04/df46f42fdda248883f9b-e57fcfdc-8151-4ac6-8c4e-785d2b0e3038.jpg', 'Fritas com cheddar e bacon', '.', 23.90, 0, 1, 'Domingo,Segunda,Terça,Quarta,Quinta,Sexta,Sabado', 0, 0, 0),
(250, 35, 148, 'images/2024/04/1c410c8976e51d214753-4d71a646-08b9-437e-b870-6eae55d70892.jpg', 'Tábua de frango fritz grelhado', '.', 49.90, 0, 1, 'Domingo,Segunda,Terça,Quarta,Quinta,Sexta,Sabado', 0, 0, 0),
(251, 35, 148, 'images/2024/04/f83838b309d17ceecfa1-05202b4c-370d-49ba-8319-a8950afb5347.jpg', 'Tábua Mista com Contra Filé', '.', 59.90, 0, 1, 'Domingo,Segunda,Terça,Quarta,Quinta,Sexta,Sabado', 0, 0, 0),
(252, 35, 148, 'images/2024/04/f83838b309d17ceecfa1-05202b4c-370d-49ba-8319-a8950afb5347-1713552848.jpg', 'Tábua Mista com Calabresa', '.', 45.90, 0, 1, 'Domingo,Segunda,Terça,Quarta,Quinta,Sexta,Sabado', 0, 0, 0),
(253, 35, 148, 'images/2024/04/f83838b309d17ceecfa1-05202b4c-370d-49ba-8319-a8950afb5347-1713552883.jpg', 'Tábua de Calabresa acebolada', '.', 49.90, 0, 1, 'Domingo,Segunda,Terça,Quarta,Quinta,Sexta,Sabado', 0, 0, 0),
(254, 35, 148, 'images/2024/04/80b2a53054a3e9b0c2fb-a7380f07-341a-4027-a7a9-a416467aad28.jpg', 'Tábua de Contra Filé', '.', 69.90, 0, 1, 'Domingo,Segunda,Terça,Quarta,Quinta,Sexta,Sabado', 0, 0, 0),
(255, 35, 149, 'images/2024/04/117ebfd83d11ca4a868c-e578c350-7f8a-42a4-b5ef-f9d1b1010e18.jpg', 'Mini Pudim', '.', 9.90, 0, 1, 'Domingo,Segunda,Terça,Quarta,Quinta,Sexta,Sabado', 0, 0, 0),
(256, 35, 149, 'images/2024/04/1a2b88e0cfede6eccb10-6e6be502-d5ea-428b-b779-2d99a0d1a406.jpg', 'Torta Holandesa', '.', 12.90, 0, 1, 'Domingo,Segunda,Terça,Quarta,Quinta,Sexta,Sabado', 0, 0, 0),
(257, 35, 149, 'images/2024/04/da62fd5fb55715101209-54fd8098-49b2-4a91-afe4-5a022a03d7e9.jpg', 'Brownie', '.', 9.90, 0, 1, 'Domingo,Segunda,Terça,Quarta,Quinta,Sexta,Sabado', 0, 0, 0),
(258, 35, 150, 'images/2024/04/5b6b3c203027d5482031-b81de1e0-5142-494e-a4eb-d09375501d01.jpg', 'Água', '.', 4.00, 0, 1, 'Domingo,Segunda,Terça,Quarta,Quinta,Sexta,Sabado', 0, 0, 0),
(259, 35, 150, 'images/2024/04/a8a923fa3103a750d0f3-35649ece-5554-40b7-80bd-626849f7b40e.jpg', 'Água com gás', '.', 4.50, 0, 1, 'Domingo,Segunda,Terça,Quarta,Quinta,Sexta,Sabado', 0, 0, 0),
(260, 35, 150, 'images/2024/04/f2fe1760f911de7b7c97-a079f100-1506-4cb8-8842-c3b0ff4432ca.jpg', 'Del Valle Pêssego', '.', 5.90, 0, 1, 'Domingo,Segunda,Terça,Quarta,Quinta,Sexta,Sabado', 0, 0, 0),
(261, 35, 150, 'images/2024/04/95dc7705714d129b6515-6c08a49a-97b3-4db7-bc12-a5f727f0a330.jpg', 'Coca Cola zero', '.', 5.90, 0, 1, 'Domingo,Segunda,Terça,Quarta,Quinta,Sexta,Sabado', 0, 0, 0),
(262, 35, 150, 'images/2024/04/d6d9e0af7c7fddfff5ea-1099d456-ef79-4dcd-b549-8ed22b114746.jpg', 'Coca Cola lata 350ml', '.', 5.90, 0, 1, 'Domingo,Segunda,Terça,Quarta,Quinta,Sexta,Sabado', 0, 0, 0),
(263, 35, 150, 'images/2024/04/3822f7cf4e13962353e1-78412571-10f1-4965-8576-f20e3e347e7e.jpg', 'Fanta Laranja', '.', 5.90, 0, 1, 'Domingo,Segunda,Terça,Quarta,Quinta,Sexta,Sabado', 0, 0, 0),
(264, 35, 150, 'images/2024/04/e8d720b230bceddef149-f9f5258a-2246-4a8b-b8d0-2f92b72d3ea5.jpg', 'Suco Prats', '.', 6.50, 0, 1, 'Domingo,Segunda,Terça,Quarta,Quinta,Sexta,Sabado', 0, 0, 0),
(265, 35, 150, 'images/2024/04/5728000d24505db7ae7d-7f7e5bf2-dd51-45b4-afbe-3c79a66a020f.jpg', 'Del Valle Uva', '.', 5.90, 0, 1, 'Domingo,Segunda,Terça,Quarta,Quinta,Sexta,Sabado', 0, 0, 0),
(266, 35, 150, 'images/2024/04/b0d5239d6340436a4914-a6066ed0-463d-47ef-a31d-d0e94b8a136e.jpg', 'Sprite Fresh ou H2oh Limoneto', '.', 7.90, 0, 1, 'Domingo,Segunda,Terça,Quarta,Quinta,Sexta,Sabado', 0, 0, 0),
(267, 35, 150, 'images/2024/04/d86d24346aa65cf95334-1ede2c78-8f16-4934-8883-d37bfef04822.jpg', 'Coca Cola 600ml', '.', 9.00, 0, 1, 'Domingo,Segunda,Terça,Quarta,Quinta,Sexta,Sabado', 0, 0, 0),
(268, 35, 150, 'images/2024/04/1ecfa70c29854cd674e7-c1fb8120-14b6-49da-a320-141d341162c2.jpg', 'Cerveja long neck', '.', 9.50, 0, 1, 'Domingo,Segunda,Terça,Quarta,Quinta,Sexta,Sabado', 0, 0, 0),
(269, 35, 150, 'images/2024/04/c8e2d9435b344e9b86ff-8760fa65-a207-4af4-be9d-f782c9f796d7.jpg', 'Chopp Pilsen', '.', 8.90, 0, 1, 'Domingo,Segunda,Terça,Quarta,Quinta,Sexta,Sabado', 0, 0, 0),
(270, 35, 150, 'images/2024/04/21b9a3cd71e479b0439b-9274c52d-104b-49af-8aee-eb7b21c2a298.jpg', 'Chopp de vinho', '.', 11.90, 0, 1, 'Domingo,Segunda,Terça,Quarta,Quinta,Sexta,Sabado', 0, 0, 0),
(271, 35, 150, 'images/2024/04/9110274b706905df7c1c-c24686a5-4d05-465c-986b-c51ddb175b1e.jpg', 'Chopp Pilsen grande', '.', 11.90, 0, 1, 'Domingo,Segunda,Terça,Quarta,Quinta,Sexta,Sabado', 0, 0, 0),
(272, 35, 150, 'images/2024/04/a373cd73e6578c7d9b70-398699d5-9d5c-44a8-8188-fe81b2fd8ef3.jpg', 'Chopp de vinho grande', '.', 15.90, 0, 1, 'Domingo,Segunda,Terça,Quarta,Quinta,Sexta,Sabado', 0, 0, 0),
(273, 35, 150, 'images/2024/04/fd7d611a221d0aee474a-bc65713f-5dec-46bd-a81e-64866ab45da9.jpg', 'Torre de Chopp Pilsen', '.', 48.90, 0, 1, 'Domingo,Segunda,Terça,Quarta,Quinta,Sexta,Sabado', 0, 0, 0),
(274, 35, 150, 'images/2024/04/56c49ca25ff99c2730de-47101d55-66f3-4b17-8cbb-862bf9f84e77.jpg', 'Torre de Chopp de Vinho', '.', 64.90, 0, 1, 'Domingo,Segunda,Terça,Quarta,Quinta,Sexta,Sabado', 0, 0, 0);

-- --------------------------------------------------------

--
-- Estrutura para tabela `ws_motoboys`
--

CREATE TABLE `ws_motoboys` (
  `id` int(11) NOT NULL,
  `user_id` int(11) NOT NULL,
  `deliveryman_name` varchar(60) NOT NULL,
  `deliveryman_phone_number` varchar(20) NOT NULL
) ENGINE=InnoDB DEFAULT CHARSET=utf8mb3 COLLATE=utf8mb3_unicode_ci;

--
-- Despejando dados para a tabela `ws_motoboys`
--

INSERT INTO `ws_motoboys` (`id`, `user_id`, `deliveryman_name`, `deliveryman_phone_number`) VALUES
(8, 1, 'Sonic', '(41) 99244-0825'),
(9, 1, 'Ligeirinho', '(41) 87878-7878'),
(10, 1, 'Canela Fina', '(41) 57454-7454'),
(11, 22, 'Joao', '(11) 77777-7777'),
(13, 24, 'Motoboy 1', '(11) 99796-0167'),
(14, 25, 'Lucas', '(21) 99509-9795');

-- --------------------------------------------------------

--
-- Estrutura para tabela `ws_observacoes`
--

CREATE TABLE `ws_observacoes` (
  `id_obs` int(11) NOT NULL,
  `user_id` int(11) NOT NULL,
  `id_categoria` int(11) NOT NULL,
  `nome_observacao` varchar(250) NOT NULL
) ENGINE=InnoDB DEFAULT CHARSET=utf8mb3 COLLATE=utf8mb3_general_ci;

--
-- Despejando dados para a tabela `ws_observacoes`
--

INSERT INTO `ws_observacoes` (`id_obs`, `user_id`, `id_categoria`, `nome_observacao`) VALUES
(1, 1, 44, 'Bem passado'),
(2, 1, 114, 'Bordas crocantes');

-- --------------------------------------------------------

--
-- Estrutura para tabela `ws_opcao_complemento`
--

CREATE TABLE `ws_opcao_complemento` (
  `id_opcao_complemento` int(11) NOT NULL,
  `nome_opcao_complemento` varchar(100) NOT NULL,
  `categorias_adicional_opcao_complemento` varchar(500) NOT NULL,
  `user_id` int(11) NOT NULL,
  `status_opcao_complemento` int(11) NOT NULL
) ENGINE=InnoDB DEFAULT CHARSET=utf8mb3 COLLATE=utf8mb3_general_ci;

--
-- Despejando dados para a tabela `ws_opcao_complemento`
--

INSERT INTO `ws_opcao_complemento` (`id_opcao_complemento`, `nome_opcao_complemento`, `categorias_adicional_opcao_complemento`, `user_id`, `status_opcao_complemento`) VALUES
(5, 'Hamburger Mal Passado', '44', 1, 1),
(6, 'Hamburger Ao Ponto', '44', 1, 1),
(7, 'Hamburger Bem Passado', '44', 1, 1);

-- --------------------------------------------------------

--
-- Estrutura para tabela `ws_opcoes_itens`
--

CREATE TABLE `ws_opcoes_itens` (
  `id_option` int(11) NOT NULL,
  `user_id` int(11) NOT NULL,
  `id_tipo` int(11) NOT NULL,
  `nome_option` varchar(250) NOT NULL,
  `valor_tamanho` decimal(10,2) NOT NULL,
  `meio_a_meio` varchar(50) NOT NULL,
  `meio_a_meio_tipo` int(11) NOT NULL,
  `total_qtd_itens` varchar(11) NOT NULL
) ENGINE=InnoDB DEFAULT CHARSET=utf8mb3 COLLATE=utf8mb3_general_ci;

--
-- Despejando dados para a tabela `ws_opcoes_itens`
--

INSERT INTO `ws_opcoes_itens` (`id_option`, `user_id`, `id_tipo`, `nome_option`, `valor_tamanho`, `meio_a_meio`, `meio_a_meio_tipo`, `total_qtd_itens`) VALUES
(83, 1, 57, '250 ml', 15.00, 'null', 1, 'null'),
(84, 1, 57, '500 ml', 20.00, 'null', 1, 'null'),
(85, 1, 57, '1 L', 35.00, 'null', 1, 'null'),
(86, 1, 58, 'Familia', 0.00, 'true', 3, '3'),
(91, 1, 58, 'Grande', 30.00, 'true', 1, '3'),
(92, 31, 64, 'Grande', 0.00, 'true', 3, '4');

-- --------------------------------------------------------

--
-- Estrutura para tabela `ws_pedidos`
--

CREATE TABLE `ws_pedidos` (
  `id` int(11) NOT NULL,
  `user_id` int(11) NOT NULL,
  `codigo_pedido` varchar(150) NOT NULL,
  `data` datetime NOT NULL,
  `data_chart` varchar(100) NOT NULL,
  `data_chart2` date NOT NULL,
  `resumo_pedidos` longtext NOT NULL,
  `forma_pagamento` varchar(150) NOT NULL,
  `valor_troco` decimal(10,2) NOT NULL,
  `opcao_delivery` varchar(50) NOT NULL,
  `valor_taxa` decimal(10,2) NOT NULL,
  `telefone_empresa` varchar(200) NOT NULL,
  `adicionais` varchar(250) NOT NULL,
  `sub_total` decimal(10,2) NOT NULL,
  `total` decimal(10,2) NOT NULL,
  `nome` varchar(150) NOT NULL,
  `telefone` varchar(150) NOT NULL,
  `rua` varchar(250) NOT NULL,
  `unidade` int(11) NOT NULL,
  `bairro` varchar(150) NOT NULL,
  `cidade` varchar(150) NOT NULL,
  `uf` varchar(10) NOT NULL,
  `complemento` varchar(250) NOT NULL,
  `observacao` varchar(250) NOT NULL,
  `name_observacao_mesa` varchar(250) NOT NULL,
  `status` varchar(150) NOT NULL,
  `mes` varchar(5) NOT NULL,
  `ano` varchar(5) NOT NULL,
  `view` int(11) NOT NULL,
  `desconto` int(11) NOT NULL,
  `confirm_whatsapp` varchar(50) NOT NULL,
  `msg_delivery_false` varchar(250) NOT NULL
) ENGINE=InnoDB DEFAULT CHARSET=utf8mb3 COLLATE=utf8mb3_general_ci;

--
-- Despejando dados para a tabela `ws_pedidos`
--

INSERT INTO `ws_pedidos` (`id`, `user_id`, `codigo_pedido`, `data`, `data_chart`, `data_chart2`, `resumo_pedidos`, `forma_pagamento`, `valor_troco`, `opcao_delivery`, `valor_taxa`, `telefone_empresa`, `adicionais`, `sub_total`, `total`, `nome`, `telefone`, `rua`, `unidade`, `bairro`, `cidade`, `uf`, `complemento`, `observacao`, `name_observacao_mesa`, `status`, `mes`, `ano`, `view`, `desconto`, `confirm_whatsapp`, `msg_delivery_false`) VALUES
(1, 1, 'PED0721-1', '2021-07-01 01:58:53', '2021-07', '2021-07-01', '<b>Qtd:</b> 3x HOT-DOG TRADICIONAL<br /><b>Adicionais grátis:</b><br />Azeitona, Granulado<br /><b>Adicionais pagos:</b><br />Bacon, <br /><b>Valor:</b> R$ 30,00<br /><b>OBS:</b> Não<br /><br />', 'Dinheiro', 40.00, 'true', 0.00, '11999998888', '6', 30.00, 30.00, 'Teste', '11111111111', 'Avenida Andrômeda', 123, 'Bosque dos Eucaliptos', 'São José dos Campos', 'SP', 'casa', '*Não informado*', '', 'Aberto', '07', '21', 1, 0, 'true', ''),
(2, 1, 'PED0424-1', '2024-04-17 22:07:33', '2024-04', '2024-04-17', '<b>Qtd:</b> 1x Seatle Burger<br /><b>Valor:</b> R$ 15,00<br /><b>OBS:</b> Bem passado<br /><br />', '', 0.00, 'false', 0.00, '31994769224', '0', 15.00, 15.00, 'RODRIGO%20RODRIGUES', '31995789036', '', 0, '', '', '', '*Não informado*', '*Não informado*', 'Nenhuma', 'Aberto', '04', '24', 1, 0, 'true', 'Mesa: 15<br />Pessoas: 2'),
(3, 1, 'PED0424-2', '2024-04-17 22:11:55', '2024-04', '2024-04-17', '<b>Qtd:</b> 1x HOT-DOG AMERICANO<br /><b>Valor:</b> R$ 10,00<br /><b>OBS:</b> Não<br /><br />', '', 0.00, 'false', 0.00, '31994769224', '0', 10.00, 10.00, 'RODRIGO%20RODRIGUES', '31995789036', '', 0, '', '', '', '*Não informado*', '*Não informado*', 'Nenhuma', 'Aberto', '04', '24', 0, 0, 'true', 'Mesa: 15<br />Pessoas: 2'),
(4, 1, 'PED0424-3', '2024-04-18 08:15:59', '2024-04', '2024-04-18', '<b>Qtd:</b> 1x Copo de Açaí >> 1 L<br /><b>Adicionais grátis:</b><br />Morango, Paçoca<br /><b>Valor:</b> R$ 35,00<br /><b>OBS:</b> Não<br /><br />', 'Dinheiro', 50.00, 'true', 10.00, '31994769224', '0', 35.00, 45.00, 'Bruno', '33987005488', 'Ari barroso', 270, 'Brasília', 'SETE LAGOAS - MG', 'MG', 'Casa', '*Não informado*', '', 'Aberto', '04', '24', 0, 0, 'true', ''),
(5, 34, 'PED0424-1', '2024-04-18 09:39:21', '2024-04', '2024-04-18', '<b>Qtd:</b> 2x Pão de Queijo Recheado  Frango<br /><b>Valor:</b> R$ 38,00<br /><b>OBS:</b> Não<br /><br /><b>Qtd:</b> 2x Pão de Queijo Tradicional<br /><b>Valor:</b> R$ 34,00<br /><b>OBS:</b> Não<br /><br />', 'Dinheiro', 100.00, 'true', 10.00, '31985949630', '0', 72.00, 82.00, 'RODRIGO%20RODRIGUES', '31994769224', 'Rua São Paulo', 684, 'Centro', 'belo horizonte', 'MG', '813 bloco b', '*Não informado*', '', 'Aberto', '04', '24', 0, 0, 'true', ''),
(6, 35, 'PED0424-1', '2024-04-18 14:46:19', '2024-04', '2024-04-18', '<b>Qtd:</b> 1x Mix Fritz<br /><b>Valor:</b> R$ 23,90<br /><b>OBS:</b> Não<br /><br />', 'Dinheiro', 500.00, 'true', 10.00, '31972469864', '0', 23.90, 33.90, 'RODRIGO%20RODRIGUES', '31994769224', 'Rua São Paulo', 684, 'Centro', 'belo horizonte', 'MG', '812', '*Não informado*', '', 'Aberto', '04', '24', 0, 0, 'true', ''),
(7, 36, 'PED0424-1', '2024-04-18 17:26:48', '2024-04', '2024-04-18', '<b>Qtd:</b> 1x Mini Paleta Açaí com banana<br /><b>Valor:</b> R$ 6,00<br /><b>OBS:</b> Não<br /><br />', 'Dinheiro', 50.00, 'false', 0.00, '33987005488', '0', 6.00, 6.00, 'Rodrigo%20rodrigues', '31994769224', '', 0, '', '', '', '*Não informado*', '*Não informado*', '', 'Cancelado', '04', '24', 1, 0, 'true', 'Retirada no Balcão'),
(8, 36, 'PED0424-2', '2024-04-18 17:43:12', '2024-04', '2024-04-18', '<b>Qtd:</b> 1x Wal<br /><b>Valor:</b> R$ 8,00<br /><b>OBS:</b> Não<br /><br />', 'Pix', 0.00, 'false', 0.00, '33987005488', '0', 8.00, 8.00, 'Nívea%20Paula%20Campos%20pires', '31998912032', '', 0, '', '', '', '*Não informado*', '*Não informado*', '', 'Cancelado', '04', '24', 1, 0, 'true', 'Retirada no Balcão'),
(9, 36, 'PED0424-3', '2024-04-18 18:17:38', '2024-04', '2024-04-18', '<b>Qtd:</b> 1x Wal<br /><b>Valor:</b> R$ 8,00<br /><b>OBS:</b> Não<br /><br />', 'Dinheiro', 0.00, 'false', 0.00, '33987005488', '0', 8.00, 8.00, 'Rodrigo%20rodrigues', '31997469224', '', 0, '', '', '', '*Não informado*', '*Não informado*', '', 'Cancelado', '04', '24', 1, 0, 'true', 'Retirada no Balcão'),
(10, 36, 'PED0424-4', '2024-04-21 16:33:40', '2024-04', '2024-04-21', '<b>Qtd:</b> 1x Mini Paleta Yogurt com Frutas Vermelhas<br /><b>Valor:</b> R$ 7,00<br /><b>OBS:</b> Não<br /><br />', 'Dinheiro', 0.00, 'false', 0.00, '33987005488', '0', 7.00, 7.00, 'Carol%20lyssa', '31989845017', '', 0, '', '', '', '*Não informado*', '*Não informado*', '', 'Cancelado', '04', '24', 1, 0, 'true', 'Retirada no Balcão'),
(11, 36, 'PED0424-5', '2024-04-21 20:09:00', '2024-04', '2024-04-21', '<b>Qtd:</b> 1x Lanche do Dia Cantina IBRES<br /><b>Valor:</b> R$ 8,00<br /><b>OBS:</b> Não<br /><br />', 'Pix', 0.00, 'false', 0.00, '33987005488', '0', 8.00, 8.00, 'Bruna%20Goulart', '31972065112', '', 0, '', '', '', '*Não informado*', '*Não informado*', '', 'Finalizado', '04', '24', 1, 0, 'true', 'Retirada no Balcão'),
(12, 36, 'PED0424-6', '2024-04-21 20:11:03', '2024-04', '2024-04-21', '<b>Qtd:</b> 2x Lanche do Dia Cantina IBRES<br /><b>Valor:</b> R$ 16,00<br /><b>OBS:</b> Não<br /><br />', 'Pix', 0.00, 'false', 0.00, '33987005488', '0', 16.00, 16.00, 'Mateus%20Silva', '31988904299', '', 0, '', '', '', '*Não informado*', '*Não informado*', '', 'Finalizado', '04', '24', 1, 0, 'true', 'Retirada no Balcão'),
(13, 36, 'PED0424-7', '2024-04-21 20:11:13', '2024-04', '2024-04-21', '<b>Qtd:</b> 1x PAGAMENTO REALIZADO ONLINE<br /><b>Valor:</b> R$ 16,00...', 'Dinheiro', 0.00, 'false', 0.00, '33987005488', '0', 16.00, 0.00, 'Mateus%20Silva', '31988904299', '', 0, '', '', '', '*Não informado*', '*Não informado*', '', 'Cancelado', '04', '24', 1, 0, 'true', 'Retirada no Balcão'),
(14, 36, 'PED0424-8', '2024-04-21 20:14:05', '2024-04', '2024-04-21', '<b>Qtd:</b> 1x Mini Paleta Açaí com banana<br /><b>Valor:</b> R$ 6,00<br /><b>OBS:</b> Não<br /><br /><b>Qtd:</b> 16x Lanche do Dia Cantina IBRES<br /><b>Valor:</b> R$ 128,00<br /><b>OBS:</b> Não<br /><br /><b>Qtd:</b> 1x Mini Paleta Romeu e Julieta<br /><b>Valor:</b> R$ 7,00<br /><b>OBS:</b> Não<br /><br /><b>Qtd:</b> 1x Mini Paleta Yogurt com Frutas Vermelhas<br /><b>Valor:</b> R$ 7,00<br /><b>OBS:</b> Não<br /><br /><b>Qtd:</b> 1x Mini Paleta de Maracuja<br /><b>Valor:</b> R$ 6,00<br /><b>OBS:</b> Não<br /><br />', 'Dinheiro', 0.00, 'true', 10.00, '33987005488', '0', 154.00, 164.00, 'Vários', '31989845017', '.Rua Tete Fernandino', 417, '.', 'Sete Lagoas', 'MG', '*Não informado*', '*Não informado*', '', 'Finalizado', '04', '24', 1, 0, 'true', ''),
(15, 36, 'PED0424-9', '2024-04-21 20:16:13', '2024-04', '2024-04-21', '<b>Qtd:</b> 2x Wal<br /><b>Valor:</b> R$ 16,00<br /><b>OBS:</b> Não<br /><br />', 'Dinheiro', 0.00, 'true', 10.00, '33987005488', '0', 16.00, 26.00, 'Vários', '31989845017', '.Rua Tete Fernandino', 417, '.', 'Sete Lagoas', 'MG', '*Não informado*', '*Não informado*', '', 'Cancelado', '04', '24', 1, 0, 'true', ''),
(16, 36, 'PED0424-10', '2024-04-21 20:18:35', '2024-04', '2024-04-21', '<b>Qtd:</b> 2x Lanche do Dia Cantina IBRES<br /><b>Valor:</b> R$ 16,00<br /><b>OBS:</b> Não<br /><br />', 'Pix', 0.00, 'false', 0.00, '33987005488', '0', 16.00, 16.00, 'Vinícius%20Silva%20Máximo', '31998072219', '', 0, '', '', '', '*Não informado*', '*Não informado*', '', 'Finalizado', '04', '24', 1, 0, 'true', 'Retirada no Balcão'),
(17, 36, 'PED0424-11', '2024-04-21 20:18:35', '2024-04', '2024-04-21', '<b>Qtd:</b> 1x Lanche do Dia Cantina IBRES<br /><b>Valor:</b> R$ 8,00<br /><b>OBS:</b> Não<br /><br />', 'Pix', 0.00, 'false', 0.00, '33987005488', '0', 8.00, 8.00, 'Larissa', '31998232760', '', 0, '', '', '', '*Não informado*', '*Não informado*', '', 'Finalizado', '04', '24', 1, 0, 'true', 'Retirada no Balcão'),
(18, 36, 'PED0424-12', '2024-04-21 20:18:56', '2024-04', '2024-04-21', '<b>Qtd:</b> 1x Lanche do Dia Cantina IBRES<br /><b>Valor:</b> R$ 8,00<br /><b>OBS:</b> Não<br /><br />', 'Pix', 0.00, 'false', 0.00, '33987005488', '0', 8.00, 8.00, '.', '00000000000', '', 0, '', '', '', '*Não informado*', '*Não informado*', '', 'Finalizado', '04', '24', 1, 0, 'true', 'Retirada no Balcão'),
(19, 36, 'PED0424-13', '2024-04-21 20:19:29', '2024-04', '2024-04-21', '<b>Qtd:</b> 1x PAGAMENTO REALIZADO ONLINE<br /><b>Valor:</b> R$ 8,00...', 'Pix', 0.00, 'false', 0.00, '33987005488', '0', 8.00, 0.00, '.', '00000000000', '', 0, '', '', '', '*Não informado*', '*Não informado*', '', 'Finalizado', '04', '24', 1, 0, 'true', 'Retirada no Balcão'),
(20, 36, 'PED0424-14', '2024-04-21 20:20:38', '2024-04', '2024-04-21', '<b>Qtd:</b> 3x Lanche do Dia Cantina IBRES<br /><b>Valor:</b> R$ 24,00<br /><b>OBS:</b> Não<br /><br />', 'Dinheiro', 0.00, 'false', 0.00, '33987005488', '0', 24.00, 24.00, 'Deom', '31999868370', '', 0, '', '', '', '*Não informado*', '*Não informado*', '', 'Finalizado', '04', '24', 1, 0, 'true', 'Retirada no Balcão'),
(21, 36, 'PED0424-15', '2024-04-21 20:29:07', '2024-04', '2024-04-21', '<b>Qtd:</b> 2x Mini Paleta Yogurt com Frutas Vermelhas<br /><b>Valor:</b> R$ 14,00<br /><b>OBS:</b> Não<br /><br />', 'Pix', 0.00, 'false', 0.00, '33987005488', '0', 14.00, 14.00, 'Vários', '31989845017', '', 0, '', '', '', '*Não informado*', '*Não informado*', '', 'Finalizado', '04', '24', 1, 0, 'true', 'Retirada no Balcão'),
(22, 36, 'PED0424-16', '2024-04-21 20:30:40', '2024-04', '2024-04-21', '<b>Qtd:</b> 1x Corazon<br /><b>Valor:</b> R$ 11,00<br /><b>OBS:</b> Não<br /><br /><b>Qtd:</b> 1x Paleta Nino<br /><b>Valor:</b> R$ 11,00<br /><b>OBS:</b> Não<br /><br />', 'Pix', 0.00, 'false', 0.00, '33987005488', '0', 22.00, 22.00, 'Vários.', '31989845017', '', 0, '', '', '', '*Não informado*', '*Não informado*', '', 'Finalizado', '04', '24', 1, 0, 'true', 'Retirada no Balcão'),
(23, 36, 'PED0424-17', '2024-04-21 20:30:56', '2024-04', '2024-04-21', '<b>Qtd:</b> 1x PAGAMENTO REALIZADO ONLINE<br /><b>Valor:</b> R$ 22,00...', 'Dinheiro', 0.00, 'false', 0.00, '33987005488', '0', 22.00, 0.00, 'Vários.', '31989845017', '', 0, '', '', '', '*Não informado*', '*Não informado*', '', 'Finalizado', '04', '24', 1, 0, 'true', 'Retirada no Balcão'),
(24, 36, 'PED0424-18', '2024-04-21 20:31:17', '2024-04', '2024-04-21', '<b>Qtd:</b> 1x Mini Paleta Yogurt com Frutas Vermelhas<br /><b>Valor:</b> R$ 7,00<br /><b>OBS:</b> Não<br /><br />', 'Pix', 0.00, 'false', 0.00, '33987005488', '0', 7.00, 7.00, 'Bruna', '31972065112', '', 0, '', '', '', '*Não informado*', '*Não informado*', '', 'Finalizado', '04', '24', 1, 0, 'true', 'Retirada no Balcão'),
(25, 36, 'PED0424-19', '2024-04-21 20:33:42', '2024-04', '2024-04-21', '<b>Qtd:</b> 4x Paleta Nino<br /><b>Valor:</b> R$ 44,00<br /><b>OBS:</b> Não<br /><br />', 'Pix', 0.00, 'false', 0.00, '33987005488', '0', 44.00, 44.00, 'Vários.', '31989845017', '', 0, '', '', '', '*Não informado*', '*Não informado*', 'Nenhuma', 'Finalizado', '04', '24', 1, 0, 'true', 'Mesa: 134<br />Pessoas: 456'),
(26, 36, 'PED0424-20', '2024-04-21 20:38:08', '2024-04', '2024-04-21', '<b>Qtd:</b> 1x Paleta Nino<br /><b>Valor:</b> R$ 11,00<br /><b>OBS:</b> Não<br /><br /><b>Qtd:</b> 1x Corazon<br /><b>Valor:</b> R$ 11,00<br /><b>OBS:</b> Não<br /><br />', 'Dinheiro', 0.00, 'false', 0.00, '33987005488', '0', 22.00, 22.00, 'Ester', '31989845017', '', 0, '', '', '', '*Não informado*', '*Não informado*', '', 'Finalizado', '04', '24', 1, 0, 'true', 'Retirada no Balcão'),
(27, 36, 'PED0424-21', '2024-04-21 20:38:38', '2024-04', '2024-04-21', '<b>Qtd:</b> 2x Mini Paleta de Maracuja<br /><b>Valor:</b> R$ 12,00<br /><b>OBS:</b> Não<br /><br />', 'Dinheiro', 0.00, 'false', 0.00, '33987005488', '0', 12.00, 12.00, 'Pierre', '31998197773', '', 0, '', '', '', '*Não informado*', '*Não informado*', '', 'Finalizado', '04', '24', 1, 0, 'true', 'Retirada no Balcão'),
(28, 36, 'PED0424-22', '2024-04-21 20:41:15', '2024-04', '2024-04-21', '<b>Qtd:</b> 1x Paleta Nino<br /><b>Valor:</b> R$ 11,00<br /><b>OBS:</b> Não<br /><br /><b>Qtd:</b> 1x Mini Paleta Açaí com banana<br /><b>Valor:</b> R$ 6,00<br /><b>OBS:</b> Não<br /><br />', 'Pix', 0.00, 'false', 0.00, '33987005488', '0', 17.00, 17.00, 'Bruno', '33987005488', '', 0, '', '', '', '*Não informado*', '*Não informado*', 'Nenhuma', 'Finalizado', '04', '24', 1, 0, 'true', 'Mesa: 1<br />Pessoas: 1'),
(29, 36, 'PED0424-23', '2024-04-21 20:41:23', '2024-04', '2024-04-21', '<b>Qtd:</b> 1x Paleta Nino<br /><b>Valor:</b> R$ 11,00<br /><b>OBS:</b> Não<br /><br />', 'Pix', 0.00, 'false', 0.00, '33987005488', '0', 11.00, 11.00, 'Vinícius%20Máximo', '31998072219', '', 0, '', '', '', '*Não informado*', '*Não informado*', '', 'Finalizado', '04', '24', 1, 0, 'true', 'Retirada no Balcão'),
(30, 36, 'PED0424-24', '2024-04-21 20:50:25', '2024-04', '2024-04-21', '<b>Qtd:</b> 1x Corazon<br /><b>Valor:</b> R$ 11,00<br /><b>OBS:</b> Não<br /><br /><b>Qtd:</b> 1x Wal<br /><b>Valor:</b> R$ 8,00<br /><b>OBS:</b> Não<br /><br />', 'Dinheiro', 0.00, 'false', 0.00, '33987005488', '0', 19.00, 19.00, 'Vários', '31989845017', '', 0, '', '', '', '*Não informado*', '*Não informado*', '', 'Aberto', '04', '24', 1, 0, 'true', 'Retirada no Balcão'),
(31, 36, 'PED0424-25', '2024-04-21 20:56:55', '2024-04', '2024-04-21', '<b>Qtd:</b> 4x Wal<br /><b>Valor:</b> R$ 32,00<br /><b>OBS:</b> Não<br /><br />', 'Pix', 0.00, 'false', 0.00, '33987005488', '0', 32.00, 32.00, 'Nayara', '31987657907', '', 0, '', '', '', '*Não informado*', '*Não informado*', 'Nenhuma', 'Finalizado', '04', '24', 1, 0, 'true', 'Mesa: 1<br />Pessoas: 1');

-- --------------------------------------------------------

--
-- Estrutura para tabela `ws_pedidos_itens`
--

CREATE TABLE `ws_pedidos_itens` (
  `ID_TABELA` int(11) NOT NULL,
  `ID_WS_PEDIDOS` int(11) NOT NULL,
  `USER_ID` int(11) NOT NULL,
  `CODIGO_PEDIDO` varchar(100) NOT NULL,
  `ID_PRODUTO` int(11) NOT NULL,
  `QTDE` int(11) NOT NULL,
  `VALOR` decimal(10,2) NOT NULL,
  `ADICIONAIS` varchar(250) NOT NULL,
  `OBS` varchar(250) NOT NULL
) ENGINE=InnoDB DEFAULT CHARSET=utf8mb3 COLLATE=utf8mb3_general_ci;

--
-- Despejando dados para a tabela `ws_pedidos_itens`
--

INSERT INTO `ws_pedidos_itens` (`ID_TABELA`, `ID_WS_PEDIDOS`, `USER_ID`, `CODIGO_PEDIDO`, `ID_PRODUTO`, `QTDE`, `VALOR`, `ADICIONAIS`, `OBS`) VALUES
(69, 68, 1, 'PED0321-1', 146, 1, 20.00, '', 'Não'),
(70, 69, 1, 'PED0321-2', 148, 1, 35.00, '', 'Não'),
(71, 70, 1, 'PED0321-3', 143, 1, 6.00, 'Hamburger 150g, ', 'Não'),
(72, 71, 1, 'PED0321-4', 143, 1, 2.50, 'Catupiry, ', 'Não'),
(73, 73, 1, 'PED0321-6', 144, 1, 21.00, 'Hamburger 150g, Catupiry, Queijo Mussrela, Cheddar, Bacon, ', 'Não'),
(74, 74, 1, 'PED0321-7', 146, 1, 20.00, '', 'Não'),
(75, 75, 1, 'PED0321-8', 143, 2, 4.00, 'Queijo Mussrela, ', 'Não'),
(77, 78, 1, 'PED0321-9', 143, 1, 1.00, '', 'Não'),
(78, 79, 1, 'PED0321-10', 143, 1, 1.00, '', 'Não'),
(79, 80, 1, 'PED0321-11', 143, 1, 1.00, '', 'Não'),
(80, 81, 1, 'PED0321-12', 150, 1, 20.00, '', 'Não'),
(81, 82, 1, 'PED0321-13', 143, 1, 2.00, 'Queijo Mussrela, ', 'Não'),
(82, 83, 1, 'PED0321-14', 143, 1, 2.00, 'Queijo Mussrela, ', 'Não'),
(83, 84, 1, 'PED0321-15', 158, 1, 10.00, 'Bacon, ', 'Não'),
(84, 85, 1, 'PED0321-16', 143, 3, 18.00, 'Hamburger 150g, ', 'Não'),
(85, 87, 1, 'PED0321-18', 145, 1, 15.00, '', 'Não'),
(86, 88, 1, 'PED0321-19', 151, 1, 45.00, '', 'Não'),
(87, 89, 1, 'PED0321-20', 151, 2, 145.00, '', 'Não'),
(88, 90, 1, 'PED0321-21', 143, 1, 2.00, 'TESTE 2, ', 'Não'),
(89, 91, 1, 'PED0321-22', 151, 2, 145.00, '', 'Não'),
(98, 97, 1, 'PED0321-23', 143, 2, 2.00, '', 'Não'),
(99, 97, 1, 'PED0321-23', 145, 1, 15.00, '', 'Não'),
(100, 98, 1, 'PED0321-24', 151, 1, 72.50, '', 'Não'),
(101, 99, 1, 'PED0321-25', 148, 1, 35.00, '', 'Não'),
(104, 102, 1, 'PED0321-26', 143, 1, 1.00, '', 'Não'),
(105, 103, 1, 'PED0321-27', 143, 1, 10.50, 'Hamburger 150g, Queijo Mussrela, Cheddar, Bacon, ', 'Não'),
(106, 104, 1, 'PED0321-28', 148, 2, 70.00, '', 'Não'),
(107, 105, 1, 'PED0321-29', 158, 3, 27.00, 'Ovo, ', 'Não'),
(108, 106, 1, 'PED0321-30', 148, 2, 70.00, '', 'Não'),
(109, 107, 1, 'PED0321-31', 148, 2, 70.00, '', 'Twste'),
(110, 108, 1, 'PED0321-32', 149, 2, 40.00, '', 'Teste de pedido 1237859'),
(111, 110, 1, 'PED0321-34', 143, 1, 2.00, 'Cheddar, ', 'Não'),
(112, 111, 1, 'PED0321-35', 143, 2, 12.00, 'Catupiry, Cheddar, Bacon, ', 'Não'),
(113, 112, 1, 'PED0321-36', 158, 1, 10.00, 'Bacon, ', 'Não'),
(114, 114, 1, 'PED0321-38', 158, 2, 22.00, 'Bacon, Ovo, ', 'Não'),
(115, 115, 1, 'PED0321-39', 158, 1, 8.00, '', 'Não'),
(116, 115, 1, 'PED0321-39', 159, 1, 11.00, 'Ovo, ', 'Não'),
(117, 116, 1, 'PED0421-1', 148, 2, 30.00, '', 'Não'),
(118, 117, 1, 'PED0421-2', 152, 2, 130.00, '', 'Não'),
(119, 118, 1, 'PED0421-3', 170, 1, 30.00, '', 'Não'),
(120, 119, 1, 'PED0421-4', 148, 1, 35.00, '', 'Não'),
(121, 120, 1, 'PED0421-5', 158, 1, 11.00, 'Bacon, Ovo, ', 'Não'),
(122, 120, 1, 'PED0421-5', 143, 3, 21.00, 'Queijo Mussrela, Catupiry, Cheddar, Bacon, ', 'Não'),
(123, 120, 1, 'PED0421-5', 150, 2, 40.00, '', 'Não'),
(124, 121, 1, 'PED0421-6', 158, 1, 8.00, '', 'Não'),
(125, 121, 1, 'PED0421-6', 148, 1, 20.00, '', 'Não'),
(126, 121, 1, 'PED0421-6', 150, 1, 20.00, '', 'Não'),
(127, 122, 1, 'PED0421-7', 170, 1, 25.00, '', 'Não'),
(128, 123, 31, 'PED0421-1', 183, 2, 8.00, '', 'Não'),
(129, 124, 1, 'PED0421-8', 148, 1, 35.00, '', 'Não'),
(130, 127, 1, 'PED0421-11', 169, 2, 32.00, '', 'Não'),
(131, 128, 1, 'PED0421-12', 184, 1, 16.00, 'Presunto, Calabresa, Mussarela, ', 'Não'),
(132, 128, 1, 'PED0421-12', 184, 2, 24.00, '', 'Não'),
(133, 129, 1, 'PED0421-13', 143, 1, 7.00, 'Hamburger 150g, Queijo Mussrela, ', 'Não'),
(134, 129, 1, 'PED0421-13', 170, 1, 39.00, 'Catupiry1, ', 'Não'),
(135, 130, 1, 'PED0421-14', 158, 4, 40.00, 'Bacon, ', 'Não'),
(136, 131, 1, 'PED0421-15', 145, 1, 15.00, '', 'Não'),
(137, 131, 1, 'PED0421-15', 158, 1, 8.00, '', 'Não'),
(138, 131, 1, 'PED0421-15', 170, 1, 38.00, '', 'Não'),
(139, 132, 1, 'PED0421-16', 149, 1, 15.00, '', 'Não'),
(140, 133, 1, 'PED0421-17', 148, 1, 15.00, '', 'Não'),
(141, 136, 1, 'PED0421-20', 185, 1, 1.00, '', 'Não'),
(142, 137, 1, 'PED0421-21', 185, 1, 1.00, '', 'Não'),
(143, 138, 1, 'PED0421-22', 185, 1, 1.00, '', 'Não'),
(144, 139, 1, 'PED0421-23', 185, 1, 1.00, '', 'Não'),
(145, 140, 1, 'PED0421-24', 185, 1, 1.00, '', 'Não'),
(146, 141, 1, 'PED0421-25', 185, 1, 1.00, '', 'Não'),
(147, 142, 1, 'PED0421-26', 185, 1, 1.00, '', 'Não'),
(148, 143, 1, 'PED0421-27', 185, 1, 1.00, '', 'Não'),
(149, 144, 1, 'PED0421-28', 185, 1, 1.00, '', 'Não'),
(150, 145, 1, 'PED0421-29', 184, 1, 12.00, '', 'Não'),
(151, 146, 1, 'PED0421-30', 999, 1, 1.00, '', 'Nenhuma'),
(152, 147, 1, 'PED0421-31', 999, 1, 1.00, '', 'Nenhuma'),
(153, 148, 1, 'PED0421-32', 999, 1, 1.00, '', 'Nenhuma'),
(154, 149, 1, 'PED0421-33', 148, 1, 20.00, '', 'Não'),
(155, 150, 1, 'PED0421-34', 999, 1, 1.00, '', 'Nenhuma'),
(156, 151, 1, 'PED0421-35', 999, 1, 1.00, '', 'Nenhuma'),
(157, 152, 1, 'PED0621-1', 148, 2, 70.00, '', 'Não'),
(158, 1, 1, 'PED0721-1', 158, 3, 30.00, 'Bacon, ', 'Não'),
(159, 2, 1, 'PED0424-1', 145, 1, 15.00, '', 'Bem passado'),
(160, 3, 1, 'PED0424-2', 159, 1, 10.00, '', 'Não'),
(161, 4, 1, 'PED0424-3', 148, 1, 35.00, '', 'Não'),
(162, 5, 34, 'PED0424-1', 187, 2, 38.00, '', 'Não'),
(163, 5, 34, 'PED0424-1', 186, 2, 34.00, '', 'Não'),
(164, 6, 35, 'PED0424-1', 203, 1, 23.90, '', 'Não'),
(165, 7, 36, 'PED0424-1', 211, 1, 6.00, '', 'Não'),
(166, 8, 36, 'PED0424-2', 215, 1, 8.00, '', 'Não'),
(167, 9, 36, 'PED0424-3', 215, 1, 8.00, '', 'Não'),
(168, 10, 36, 'PED0424-4', 213, 1, 7.00, '', 'Não'),
(169, 11, 36, 'PED0424-5', 218, 1, 8.00, '', 'Não'),
(170, 12, 36, 'PED0424-6', 218, 2, 16.00, '', 'Não'),
(171, 14, 36, 'PED0424-8', 211, 1, 6.00, '', 'Não'),
(172, 14, 36, 'PED0424-8', 218, 16, 128.00, '', 'Não'),
(173, 14, 36, 'PED0424-8', 214, 1, 7.00, '', 'Não'),
(174, 14, 36, 'PED0424-8', 213, 1, 7.00, '', 'Não'),
(175, 14, 36, 'PED0424-8', 212, 1, 6.00, '', 'Não'),
(176, 15, 36, 'PED0424-9', 215, 2, 16.00, '', 'Não'),
(177, 16, 36, 'PED0424-10', 218, 2, 16.00, '', 'Não'),
(178, 17, 36, 'PED0424-11', 218, 1, 8.00, '', 'Não'),
(179, 18, 36, 'PED0424-12', 218, 1, 8.00, '', 'Não'),
(180, 20, 36, 'PED0424-14', 218, 3, 24.00, '', 'Não'),
(181, 21, 36, 'PED0424-15', 213, 2, 14.00, '', 'Não'),
(182, 22, 36, 'PED0424-16', 217, 1, 11.00, '', 'Não'),
(183, 22, 36, 'PED0424-16', 216, 1, 11.00, '', 'Não'),
(184, 24, 36, 'PED0424-18', 213, 1, 7.00, '', 'Não'),
(185, 25, 36, 'PED0424-19', 216, 4, 44.00, '', 'Não'),
(186, 26, 36, 'PED0424-20', 216, 1, 11.00, '', 'Não'),
(187, 26, 36, 'PED0424-20', 217, 1, 11.00, '', 'Não'),
(188, 27, 36, 'PED0424-21', 212, 2, 12.00, '', 'Não'),
(189, 28, 36, 'PED0424-22', 216, 1, 11.00, '', 'Não'),
(190, 28, 36, 'PED0424-22', 211, 1, 6.00, '', 'Não'),
(191, 29, 36, 'PED0424-23', 216, 1, 11.00, '', 'Não'),
(192, 30, 36, 'PED0424-24', 217, 1, 11.00, '', 'Não'),
(193, 30, 36, 'PED0424-24', 215, 1, 8.00, '', 'Não'),
(194, 31, 36, 'PED0424-25', 215, 4, 32.00, '', 'Não');

-- --------------------------------------------------------

--
-- Estrutura para tabela `ws_relacao_tamanho`
--

CREATE TABLE `ws_relacao_tamanho` (
  `id_relacao` int(11) NOT NULL,
  `id_user` int(11) NOT NULL,
  `id_item` int(11) NOT NULL,
  `id_tipo` int(11) NOT NULL,
  `id_tamanho` varchar(500) NOT NULL
) ENGINE=InnoDB DEFAULT CHARSET=utf8mb3 COLLATE=utf8mb3_general_ci;

--
-- Despejando dados para a tabela `ws_relacao_tamanho`
--

INSERT INTO `ws_relacao_tamanho` (`id_relacao`, `id_user`, `id_item`, `id_tipo`, `id_tamanho`) VALUES
(9, 1, 139, 56, '82,81,80'),
(10, 1, 140, 56, '82,81,80'),
(11, 1, 141, 56, '82,81,80'),
(12, 1, 142, 56, '82,81,80'),
(14, 1, 148, 57, '85,84,83'),
(15, 1, 149, 57, '85,84,83'),
(16, 1, 150, 57, '85,84,83'),
(17, 1, 151, 58, '91'),
(18, 1, 152, 58, '91'),
(19, 1, 153, 58, '91'),
(23, 1, 171, 58, '91'),
(24, 1, 172, 58, '91'),
(25, 1, 173, 58, '91'),
(26, 1, 170, 58, '91'),
(27, 1, 174, 58, '86'),
(28, 31, 182, 64, '92');

-- --------------------------------------------------------

--
-- Estrutura para tabela `ws_tipo_produto`
--

CREATE TABLE `ws_tipo_produto` (
  `id_tipo_produto` int(11) NOT NULL,
  `nome_tipo_produto` varchar(250) NOT NULL,
  `user_tipo_produto` int(11) NOT NULL
) ENGINE=InnoDB DEFAULT CHARSET=utf8mb3 COLLATE=utf8mb3_general_ci;

--
-- Despejando dados para a tabela `ws_tipo_produto`
--

INSERT INTO `ws_tipo_produto` (`id_tipo_produto`, `nome_tipo_produto`, `user_tipo_produto`) VALUES
(57, 'Copo de Açai', 1),
(58, 'Meio a Meio', 1),
(61, 'P', 1),
(64, 'Pizza', 31);

--
-- Índices para tabelas despejadas
--

--
-- Índices de tabela `ateste`
--
ALTER TABLE `ateste`
  ADD PRIMARY KEY (`id`);

--
-- Índices de tabela `bairros_delivery`
--
ALTER TABLE `bairros_delivery`
  ADD PRIMARY KEY (`id`);

--
-- Índices de tabela `banner_promocional`
--
ALTER TABLE `banner_promocional`
  ADD PRIMARY KEY (`id_banner`);

--
-- Índices de tabela `cupom_desconto`
--
ALTER TABLE `cupom_desconto`
  ADD PRIMARY KEY (`id_cupom`);

--
-- Índices de tabela `views`
--
ALTER TABLE `views`
  ADD PRIMARY KEY (`id_views`);

--
-- Índices de tabela `ws_adicionais_cat`
--
ALTER TABLE `ws_adicionais_cat`
  ADD PRIMARY KEY (`id`);

--
-- Índices de tabela `ws_adicionais_itens`
--
ALTER TABLE `ws_adicionais_itens`
  ADD PRIMARY KEY (`id_adicionais`);

--
-- Índices de tabela `ws_adicionais_itens_gratis`
--
ALTER TABLE `ws_adicionais_itens_gratis`
  ADD PRIMARY KEY (`id_adicional_gratis`);

--
-- Índices de tabela `ws_cat`
--
ALTER TABLE `ws_cat`
  ADD PRIMARY KEY (`id`);

--
-- Índices de tabela `ws_datas_close`
--
ALTER TABLE `ws_datas_close`
  ADD PRIMARY KEY (`id`);

--
-- Índices de tabela `ws_formas_pagamento`
--
ALTER TABLE `ws_formas_pagamento`
  ADD PRIMARY KEY (`id_f_pagamento`);

--
-- Índices de tabela `ws_fuso_horario`
--
ALTER TABLE `ws_fuso_horario`
  ADD PRIMARY KEY (`id_fuso`);

--
-- Índices de tabela `ws_impressora`
--
ALTER TABLE `ws_impressora`
  ADD PRIMARY KEY (`id_impressora`);

--
-- Índices de tabela `ws_itens`
--
ALTER TABLE `ws_itens`
  ADD PRIMARY KEY (`id`);

--
-- Índices de tabela `ws_motoboys`
--
ALTER TABLE `ws_motoboys`
  ADD PRIMARY KEY (`id`);

--
-- Índices de tabela `ws_observacoes`
--
ALTER TABLE `ws_observacoes`
  ADD PRIMARY KEY (`id_obs`);

--
-- Índices de tabela `ws_opcao_complemento`
--
ALTER TABLE `ws_opcao_complemento`
  ADD PRIMARY KEY (`id_opcao_complemento`);

--
-- Índices de tabela `ws_opcoes_itens`
--
ALTER TABLE `ws_opcoes_itens`
  ADD PRIMARY KEY (`id_option`);

--
-- Índices de tabela `ws_pedidos`
--
ALTER TABLE `ws_pedidos`
  ADD PRIMARY KEY (`id`);

--
-- Índices de tabela `ws_pedidos_itens`
--
ALTER TABLE `ws_pedidos_itens`
  ADD PRIMARY KEY (`ID_TABELA`);

--
-- Índices de tabela `ws_relacao_tamanho`
--
ALTER TABLE `ws_relacao_tamanho`
  ADD PRIMARY KEY (`id_relacao`);

--
-- Índices de tabela `ws_tipo_produto`
--
ALTER TABLE `ws_tipo_produto`
  ADD PRIMARY KEY (`id_tipo_produto`);

--
-- AUTO_INCREMENT para tabelas despejadas
--

--
-- AUTO_INCREMENT de tabela `ateste`
--
ALTER TABLE `ateste`
  MODIFY `id` int(11) NOT NULL AUTO_INCREMENT, AUTO_INCREMENT=342;

--
-- AUTO_INCREMENT de tabela `bairros_delivery`
--
ALTER TABLE `bairros_delivery`
  MODIFY `id` int(11) NOT NULL AUTO_INCREMENT, AUTO_INCREMENT=49;

--
-- AUTO_INCREMENT de tabela `banner_promocional`
--
ALTER TABLE `banner_promocional`
  MODIFY `id_banner` int(11) NOT NULL AUTO_INCREMENT, AUTO_INCREMENT=9;

--
-- AUTO_INCREMENT de tabela `cupom_desconto`
--
ALTER TABLE `cupom_desconto`
  MODIFY `id_cupom` int(11) NOT NULL AUTO_INCREMENT, AUTO_INCREMENT=18;

--
-- AUTO_INCREMENT de tabela `views`
--
ALTER TABLE `views`
  MODIFY `id_views` int(11) NOT NULL AUTO_INCREMENT, AUTO_INCREMENT=35;

--
-- AUTO_INCREMENT de tabela `ws_adicionais_cat`
--
ALTER TABLE `ws_adicionais_cat`
  MODIFY `id` int(11) NOT NULL AUTO_INCREMENT, AUTO_INCREMENT=125;

--
-- AUTO_INCREMENT de tabela `ws_adicionais_itens`
--
ALTER TABLE `ws_adicionais_itens`
  MODIFY `id_adicionais` int(11) NOT NULL AUTO_INCREMENT, AUTO_INCREMENT=236;

--
-- AUTO_INCREMENT de tabela `ws_adicionais_itens_gratis`
--
ALTER TABLE `ws_adicionais_itens_gratis`
  MODIFY `id_adicional_gratis` int(11) NOT NULL AUTO_INCREMENT, AUTO_INCREMENT=176;

--
-- AUTO_INCREMENT de tabela `ws_cat`
--
ALTER TABLE `ws_cat`
  MODIFY `id` int(11) NOT NULL AUTO_INCREMENT, AUTO_INCREMENT=151;

--
-- AUTO_INCREMENT de tabela `ws_datas_close`
--
ALTER TABLE `ws_datas_close`
  MODIFY `id` int(11) NOT NULL AUTO_INCREMENT, AUTO_INCREMENT=26;

--
-- AUTO_INCREMENT de tabela `ws_formas_pagamento`
--
ALTER TABLE `ws_formas_pagamento`
  MODIFY `id_f_pagamento` int(11) NOT NULL AUTO_INCREMENT, AUTO_INCREMENT=38;

--
-- AUTO_INCREMENT de tabela `ws_fuso_horario`
--
ALTER TABLE `ws_fuso_horario`
  MODIFY `id_fuso` int(11) NOT NULL AUTO_INCREMENT, AUTO_INCREMENT=5;

--
-- AUTO_INCREMENT de tabela `ws_impressora`
--
ALTER TABLE `ws_impressora`
  MODIFY `id_impressora` int(11) NOT NULL AUTO_INCREMENT, AUTO_INCREMENT=2;

--
-- AUTO_INCREMENT de tabela `ws_itens`
--
ALTER TABLE `ws_itens`
  MODIFY `id` int(11) NOT NULL AUTO_INCREMENT, AUTO_INCREMENT=275;

--
-- AUTO_INCREMENT de tabela `ws_motoboys`
--
ALTER TABLE `ws_motoboys`
  MODIFY `id` int(11) NOT NULL AUTO_INCREMENT, AUTO_INCREMENT=15;

--
-- AUTO_INCREMENT de tabela `ws_observacoes`
--
ALTER TABLE `ws_observacoes`
  MODIFY `id_obs` int(11) NOT NULL AUTO_INCREMENT, AUTO_INCREMENT=3;

--
-- AUTO_INCREMENT de tabela `ws_opcao_complemento`
--
ALTER TABLE `ws_opcao_complemento`
  MODIFY `id_opcao_complemento` int(11) NOT NULL AUTO_INCREMENT, AUTO_INCREMENT=8;

--
-- AUTO_INCREMENT de tabela `ws_opcoes_itens`
--
ALTER TABLE `ws_opcoes_itens`
  MODIFY `id_option` int(11) NOT NULL AUTO_INCREMENT, AUTO_INCREMENT=93;

--
-- AUTO_INCREMENT de tabela `ws_pedidos`
--
ALTER TABLE `ws_pedidos`
  MODIFY `id` int(11) NOT NULL AUTO_INCREMENT, AUTO_INCREMENT=32;

--
-- AUTO_INCREMENT de tabela `ws_pedidos_itens`
--
ALTER TABLE `ws_pedidos_itens`
  MODIFY `ID_TABELA` int(11) NOT NULL AUTO_INCREMENT, AUTO_INCREMENT=195;

--
-- AUTO_INCREMENT de tabela `ws_relacao_tamanho`
--
ALTER TABLE `ws_relacao_tamanho`
  MODIFY `id_relacao` int(11) NOT NULL AUTO_INCREMENT, AUTO_INCREMENT=29;

--
-- AUTO_INCREMENT de tabela `ws_tipo_produto`
--
ALTER TABLE `ws_tipo_produto`
  MODIFY `id_tipo_produto` int(11) NOT NULL AUTO_INCREMENT, AUTO_INCREMENT=66;
COMMIT;

